Last updated on 2025-10-26 09:50:02 CET.
| Flavor | Version | Tinstall | Tcheck | Ttotal | Status | Flags | 
|---|---|---|---|---|---|---|
| r-devel-linux-x86_64-debian-clang | 0.1.2 | 10.14 | 101.55 | 111.69 | NOTE | |
| r-devel-linux-x86_64-debian-gcc | 0.1.2 | 7.16 | 74.45 | 81.61 | NOTE | |
| r-devel-linux-x86_64-fedora-clang | 0.1.2 | 21.00 | 146.18 | 167.18 | OK | |
| r-devel-linux-x86_64-fedora-gcc | 0.1.2 | 44.00 | 144.91 | 188.91 | OK | |
| r-devel-windows-x86_64 | 0.1.2 | 11.00 | 99.00 | 110.00 | OK | |
| r-patched-linux-x86_64 | 0.1.2 | 9.85 | 95.56 | 105.41 | OK | |
| r-release-linux-x86_64 | 0.1.2 | 9.16 | 95.51 | 104.67 | OK | |
| r-release-macos-arm64 | 0.1.2 | 4.00 | 44.00 | 48.00 | OK | |
| r-release-macos-x86_64 | 0.1.2 | 8.00 | 83.00 | 91.00 | OK | |
| r-release-windows-x86_64 | 0.1.2 | 11.00 | 99.00 | 110.00 | OK | |
| r-oldrel-macos-arm64 | 0.1.2 | 3.00 | 43.00 | 46.00 | OK | |
| r-oldrel-macos-x86_64 | 0.1.2 | 7.00 | 67.00 | 74.00 | OK | |
| r-oldrel-windows-x86_64 | 0.1.2 | 15.00 | 127.00 | 142.00 | OK | 
Version: 0.1.2
Check: CRAN incoming feasibility
Result: NOTE
  Maintainer: ‘Tianchen Qian <t.qian@uci.edu>’
  
  No Authors@R field in DESCRIPTION.
  Please add one, modifying
    Authors@R: c(person(given = "Eliot",
                        family = "Wong-Toi",
                        role = "aut"),
                 person(given = "Thabat",
                        family = "Dahdoul",
                        role = "aut"),
                 person(given = "Tianchen",
                        family = "Qian",
                        role = c("aut", "cre"),
                        email = "t.qian@uci.edu"))
  as necessary.
Flavors: r-devel-linux-x86_64-debian-clang, r-devel-linux-x86_64-debian-gcc