Last updated on 2025-07-12 13:48:31 CEST.
Flavor | Version | Tinstall | Tcheck | Ttotal | Status | Flags |
---|---|---|---|---|---|---|
r-devel-linux-x86_64-debian-clang | 1.1.4 | 3197.83 | 69.34 | 3267.17 | OK | |
r-devel-linux-x86_64-debian-gcc | 1.1.4 | 2346.47 | 49.33 | 2395.80 | OK | |
r-devel-linux-x86_64-fedora-clang | 1.1.4 | 6641.06 | OK | |||
r-devel-linux-x86_64-fedora-gcc | 1.1.4 | 2543.30 | OK | |||
r-patched-linux-x86_64 | 1.1.4 | 2854.96 | 66.34 | 2921.30 | OK | |
r-release-linux-x86_64 | 1.1.4 | 2803.29 | 65.65 | 2868.94 | OK | |
r-release-macos-arm64 | 1.1.4 | 529.00 | OK | |||
r-release-macos-x86_64 | 1.1.4 | 1212.00 | OK | |||
r-oldrel-macos-arm64 | 1.1.4 | 665.00 | NOTE | |||
r-oldrel-macos-x86_64 | 1.1.4 | 1271.00 | NOTE |
Version: 1.1.4
Check: installed package size
Result: NOTE
installed size is 5.6Mb
sub-directories of 1Mb or more:
libs 5.0Mb
Flavors: r-oldrel-macos-arm64, r-oldrel-macos-x86_64