Last updated on 2025-10-26 17:50:40 CET.
| Flavor | Version | Tinstall | Tcheck | Ttotal | Status | Flags |
|---|---|---|---|---|---|---|
| r-devel-linux-x86_64-debian-clang | 1.0 | 8.62 | 80.37 | 88.99 | NOTE | |
| r-devel-linux-x86_64-debian-gcc | 1.0 | 6.71 | 61.08 | 67.79 | NOTE | |
| r-devel-linux-x86_64-fedora-clang | 1.0 | 17.00 | 115.06 | 132.06 | OK | |
| r-devel-linux-x86_64-fedora-gcc | 1.0 | 50.00 | 102.21 | 152.21 | OK | |
| r-devel-windows-x86_64 | 1.0 | 9.00 | 108.00 | 117.00 | OK | |
| r-patched-linux-x86_64 | 1.0 | 8.73 | 78.53 | 87.26 | OK | |
| r-release-linux-x86_64 | 1.0 | 8.66 | 77.22 | 85.88 | OK | |
| r-release-macos-arm64 | 1.0 | 5.00 | 62.00 | 67.00 | OK | |
| r-release-macos-x86_64 | 1.0 | 9.00 | 109.00 | 118.00 | OK | |
| r-release-windows-x86_64 | 1.0 | 10.00 | 117.00 | 127.00 | OK | |
| r-oldrel-macos-arm64 | 1.0 | 4.00 | 50.00 | 54.00 | OK | |
| r-oldrel-macos-x86_64 | 1.0 | 6.00 | 72.00 | 78.00 | OK | |
| r-oldrel-windows-x86_64 | 1.0 | 12.00 | 130.00 | 142.00 | OK |
Version: 1.0
Check: CRAN incoming feasibility
Result: NOTE
Maintainer: ‘Ricardo Pio Monti <ricardo.monti08@gmail.com>’
No Authors@R field in DESCRIPTION.
Please add one, modifying
Authors@R: c(person(given = c("Ricardo", "Pio"),
family = "Monti",
role = c("aut", "cre"),
email = "ricardo.monti08@gmail.com"),
person(given = "Christoforos",
family = "Anagnostopoulos",
role = "aut"),
person(given = "Giovanni",
family = "Montana",
role = "aut"))
as necessary.
Flavors: r-devel-linux-x86_64-debian-clang, r-devel-linux-x86_64-debian-gcc