Last updated on 2025-10-25 09:49:36 CEST.
| Flavor | Version | Tinstall | Tcheck | Ttotal | Status | Flags |
|---|---|---|---|---|---|---|
| r-devel-linux-x86_64-debian-clang | 1.1 | 21.44 | 112.09 | 133.53 | NOTE | |
| r-devel-linux-x86_64-debian-gcc | 1.1 | 17.72 | 83.98 | 101.70 | NOTE | |
| r-devel-linux-x86_64-fedora-clang | 1.1 | 43.00 | 160.43 | 203.43 | OK | |
| r-devel-linux-x86_64-fedora-gcc | 1.1 | 147.00 | 69.89 | 216.89 | OK | |
| r-devel-windows-x86_64 | 1.1 | 17.00 | 99.00 | 116.00 | OK | |
| r-patched-linux-x86_64 | 1.1 | 22.10 | 110.38 | 132.48 | OK | |
| r-release-linux-x86_64 | 1.1 | 22.14 | 108.49 | 130.63 | OK | |
| r-release-macos-arm64 | 1.1 | 5.00 | 38.00 | 43.00 | OK | |
| r-release-macos-x86_64 | 1.1 | 10.00 | 70.00 | 80.00 | OK | |
| r-release-windows-x86_64 | 1.1 | 16.00 | 99.00 | 115.00 | OK | |
| r-oldrel-macos-arm64 | 1.1 | 5.00 | 39.00 | 44.00 | OK | |
| r-oldrel-macos-x86_64 | 1.1 | 9.00 | 55.00 | 64.00 | OK | |
| r-oldrel-windows-x86_64 | 1.1 | 21.00 | 128.00 | 149.00 | OK |
Version: 1.1
Check: CRAN incoming feasibility
Result: NOTE
Maintainer: ‘Marie-Karelle Riviere-Jourdan <eldamjh@gmail.com>’
No Authors@R field in DESCRIPTION.
Please add one, modifying
Authors@R: c(person(given = "Marie-Karelle",
family = "Riviere-Jourdan",
role = c("aut", "cre"),
email = "eldamjh@gmail.com"),
person(given = "France",
family = "Mentre",
role = "aut",
email = "france.mentre@inserm.fr"))
as necessary.
Flavors: r-devel-linux-x86_64-debian-clang, r-devel-linux-x86_64-debian-gcc