Last updated on 2025-07-12 21:50:49 CEST.
Flavor | Version | Tinstall | Tcheck | Ttotal | Status | Flags |
---|---|---|---|---|---|---|
r-devel-linux-x86_64-debian-clang | 1.0.4 | 5.47 | 59.46 | 64.93 | OK | |
r-devel-linux-x86_64-debian-gcc | 1.0.4 | 3.99 | 39.83 | 43.82 | OK | |
r-devel-linux-x86_64-fedora-clang | 1.0.4 | 106.34 | OK | |||
r-devel-linux-x86_64-fedora-gcc | 1.0.4 | 94.40 | OK | |||
r-devel-windows-x86_64 | 1.0.4 | 8.00 | 67.00 | 75.00 | OK | |
r-patched-linux-x86_64 | 1.0.4 | 5.51 | 51.72 | 57.23 | OK | |
r-release-linux-x86_64 | 1.0.4 | 5.17 | 51.60 | 56.77 | OK | |
r-release-macos-arm64 | 1.0.3 | 30.00 | NOTE | |||
r-release-macos-x86_64 | 1.0.4 | 52.00 | OK | |||
r-release-windows-x86_64 | 1.0.4 | 8.00 | 67.00 | 75.00 | OK | |
r-oldrel-macos-arm64 | 1.0.3 | 31.00 | OK | |||
r-oldrel-macos-x86_64 | 1.0.4 | 56.00 | OK | |||
r-oldrel-windows-x86_64 | 1.0.4 | 10.00 | 85.00 | 95.00 | OK |
Version: 1.0.3
Check: DESCRIPTION meta-information
Result: NOTE
Missing dependency on R >= 4.1.0 because package code uses the pipe
|> or function shorthand \(...) syntax added in R 4.1.0.
File(s) using such syntax:
‘convert_antibiotics.R’
Flavor: r-release-macos-arm64