Last updated on 2025-10-25 13:48:41 CEST.
| Flavor | Version | Tinstall | Tcheck | Ttotal | Status | Flags |
|---|---|---|---|---|---|---|
| r-devel-linux-x86_64-debian-clang | 1.1 | 11.38 | 86.72 | 98.10 | NOTE | |
| r-devel-linux-x86_64-debian-gcc | 1.1 | 7.93 | 62.68 | 70.61 | NOTE | |
| r-devel-linux-x86_64-fedora-clang | 1.1 | 24.00 | 125.40 | 149.40 | NOTE | |
| r-devel-linux-x86_64-fedora-gcc | 1.1 | 52.00 | 102.65 | 154.65 | NOTE | |
| r-devel-windows-x86_64 | 1.1 | 12.00 | 88.00 | 100.00 | NOTE | |
| r-patched-linux-x86_64 | 1.1 | 10.82 | 83.17 | 93.99 | NOTE | |
| r-release-linux-x86_64 | 1.1 | 10.85 | 82.63 | 93.48 | NOTE | |
| r-release-macos-arm64 | 1.1 | 6.00 | 56.00 | 62.00 | NOTE | |
| r-release-macos-x86_64 | 1.1 | 7.00 | 58.00 | 65.00 | NOTE | |
| r-release-windows-x86_64 | 1.1 | 12.00 | 90.00 | 102.00 | NOTE | |
| r-oldrel-macos-arm64 | 1.1 | 4.00 | 32.00 | 36.00 | OK | |
| r-oldrel-macos-x86_64 | 1.1 | 7.00 | 47.00 | 54.00 | OK | |
| r-oldrel-windows-x86_64 | 1.1 | 16.00 | 112.00 | 128.00 | OK |
Version: 1.1
Check: DESCRIPTION meta-information
Result: NOTE
Missing dependency on R >= 4.1.0 because package code uses the pipe
|> or function shorthand \(...) syntax added in R 4.1.0.
File(s) using such syntax:
‘summary.mcpmod_simulation.R’
Flavors: r-devel-linux-x86_64-debian-clang, r-devel-linux-x86_64-debian-gcc, r-devel-linux-x86_64-fedora-clang, r-devel-linux-x86_64-fedora-gcc, r-devel-windows-x86_64, r-patched-linux-x86_64, r-release-linux-x86_64, r-release-macos-arm64, r-release-macos-x86_64, r-release-windows-x86_64