Last updated on 2025-11-26 09:51:21 CET.
| Flavor | Version | Tinstall | Tcheck | Ttotal | Status | Flags |
|---|---|---|---|---|---|---|
| r-devel-linux-x86_64-debian-clang | 0.16.3 | 5.43 | 75.80 | 81.23 | OK | |
| r-devel-linux-x86_64-debian-gcc | 0.16.3 | 4.40 | 56.01 | 60.41 | OK | |
| r-devel-linux-x86_64-fedora-clang | 0.16.5 | 11.00 | 111.14 | 122.14 | OK | |
| r-devel-linux-x86_64-fedora-gcc | 0.16.5 | 11.00 | 121.11 | 132.11 | OK | |
| r-devel-windows-x86_64 | 0.16.3 | 11.00 | 82.00 | 93.00 | OK | |
| r-patched-linux-x86_64 | 0.16.3 | 5.93 | 72.06 | 77.99 | OK | |
| r-release-linux-x86_64 | 0.16.3 | 5.58 | 72.02 | 77.60 | OK | |
| r-release-macos-arm64 | 0.16.5 | 2.00 | 26.00 | 28.00 | OK | |
| r-release-macos-x86_64 | 0.16.5 | 10.00 | 146.00 | 156.00 | OK | |
| r-release-windows-x86_64 | 0.16.3 | 7.00 | 81.00 | 88.00 | OK | |
| r-oldrel-macos-arm64 | 0.16.5 | 1.00 | 28.00 | 29.00 | NOTE | |
| r-oldrel-macos-x86_64 | 0.16.5 | 9.00 | 124.00 | 133.00 | NOTE | |
| r-oldrel-windows-x86_64 | 0.16.3 | 10.00 | 107.00 | 117.00 | NOTE |
Version: 0.16.5
Check: package dependencies
Result: NOTE
Package suggested but not available for checking: ‘cmdstanr’
Flavors: r-oldrel-macos-arm64, r-oldrel-macos-x86_64
Version: 0.16.3
Check: package dependencies
Result: NOTE
Package suggested but not available for checking: 'cmdstanr'
Flavor: r-oldrel-windows-x86_64