Last updated on 2025-10-26 09:50:00 CET.
| Flavor | Version | Tinstall | Tcheck | Ttotal | Status | Flags | 
|---|---|---|---|---|---|---|
| r-devel-linux-x86_64-debian-clang | 1.0 | 7.94 | 65.15 | 73.09 | NOTE | |
| r-devel-linux-x86_64-debian-gcc | 1.0 | 5.62 | 49.27 | 54.89 | NOTE | |
| r-devel-linux-x86_64-fedora-clang | 1.0 | 15.00 | 95.04 | 110.04 | OK | |
| r-devel-linux-x86_64-fedora-gcc | 1.0 | 17.00 | 90.45 | 107.45 | OK | |
| r-devel-windows-x86_64 | 1.0 | 8.00 | 80.00 | 88.00 | OK | |
| r-patched-linux-x86_64 | 1.0 | 7.72 | 63.27 | 70.99 | OK | |
| r-release-linux-x86_64 | 1.0 | 6.87 | 63.78 | 70.65 | OK | |
| r-release-macos-arm64 | 1.0 | 3.00 | 33.00 | 36.00 | OK | |
| r-release-macos-x86_64 | 1.0 | 10.00 | 93.00 | 103.00 | OK | |
| r-release-windows-x86_64 | 1.0 | 9.00 | 76.00 | 85.00 | OK | |
| r-oldrel-macos-arm64 | 1.0 | 4.00 | 35.00 | 39.00 | OK | |
| r-oldrel-macos-x86_64 | 1.0 | 5.00 | 46.00 | 51.00 | OK | |
| r-oldrel-windows-x86_64 | 1.0 | 11.00 | 96.00 | 107.00 | OK | 
Version: 1.0
Check: CRAN incoming feasibility
Result: NOTE
  Maintainer: ‘Ksenia N. Kyzyurova <ksenia.kyzyurova@gmail.com>’
  
  No Authors@R field in DESCRIPTION.
  Please add one, modifying
    Authors@R: c(person(given = c("Ksenia", "N."),
                        family = "Kyzyurova",
                        role = c("aut", "cre"),
                        email = "ksenia.kyzyurova@gmail.com"),
                 person(family = "kseniak.ucoz.net",
                        role = "aut"))
  as necessary.
Flavors: r-devel-linux-x86_64-debian-clang, r-devel-linux-x86_64-debian-gcc