Last updated on 2025-10-25 09:49:34 CEST.
| Flavor | Version | Tinstall | Tcheck | Ttotal | Status | Flags |
|---|---|---|---|---|---|---|
| r-devel-linux-x86_64-debian-clang | 1.1 | 4.34 | 52.31 | 56.65 | NOTE | |
| r-devel-linux-x86_64-debian-gcc | 1.1 | 3.16 | 37.88 | 41.04 | NOTE | |
| r-devel-linux-x86_64-fedora-clang | 1.1 | 81.67 | NOTE | |||
| r-devel-linux-x86_64-fedora-gcc | 1.1 | 13.00 | 82.46 | 95.46 | NOTE | |
| r-devel-windows-x86_64 | 1.1 | 6.00 | 75.00 | 81.00 | NOTE | |
| r-patched-linux-x86_64 | 1.1 | 3.99 | 48.19 | 52.18 | NOTE | |
| r-release-linux-x86_64 | 1.1 | 4.24 | 48.70 | 52.94 | NOTE | |
| r-release-macos-arm64 | 1.1 | 2.00 | 32.00 | 34.00 | NOTE | |
| r-release-macos-x86_64 | 1.1 | 4.00 | 62.00 | 66.00 | NOTE | |
| r-release-windows-x86_64 | 1.1 | 6.00 | 79.00 | 85.00 | NOTE | |
| r-oldrel-macos-arm64 | 1.1 | 2.00 | 27.00 | 29.00 | NOTE | |
| r-oldrel-macos-x86_64 | 1.1 | 3.00 | 51.00 | 54.00 | NOTE | |
| r-oldrel-windows-x86_64 | 1.1 | 9.00 | 88.00 | 97.00 | NOTE |
Version: 1.1
Check: Rd files
Result: NOTE
checkRd: (-1) clusterDistance.Rd:28-29: Lost braces
28 | \code{approach} indicates the algorithm used to get the value. \code{distance} indicates the distance used to get the value. Possible values: {\code{'MAX'},
| ^
checkRd: (-1) clusterDistance.details.Rd:28-29: Lost braces
28 | \code{approach} indicates the algorithm used to get the value. \code{distance} indicates the distance used to get the value. Possible values: {\code{'MAX'},
| ^
checkRd: (-1) clusterDistanceByApproach.Rd:24-25: Lost braces
24 | \code{approach} indicates the algorithm used to get the value. Possible values: {\code{'MAX'},
| ^
checkRd: (-1) clusterDistanceByApproach.details.Rd:24-25: Lost braces
24 | \code{approach} indicates the algorithm used to get the value. Possible values: {\code{'MAX'},
| ^
Flavors: r-devel-linux-x86_64-debian-clang, r-devel-linux-x86_64-debian-gcc, r-devel-linux-x86_64-fedora-clang, r-devel-linux-x86_64-fedora-gcc, r-devel-windows-x86_64, r-patched-linux-x86_64, r-release-linux-x86_64, r-release-macos-arm64, r-release-macos-x86_64, r-release-windows-x86_64, r-oldrel-macos-arm64, r-oldrel-macos-x86_64, r-oldrel-windows-x86_64
Version: 1.1
Check: LazyData
Result: NOTE
'LazyData' is specified without a 'data' directory
Flavors: r-oldrel-macos-arm64, r-oldrel-macos-x86_64, r-oldrel-windows-x86_64