Last updated on 2025-10-26 01:49:53 CEST.
| Flavor | Version | Tinstall | Tcheck | Ttotal | Status | Flags |
|---|---|---|---|---|---|---|
| r-devel-linux-x86_64-debian-clang | 13.0-0 | 34.79 | 105.87 | 140.66 | OK | |
| r-devel-linux-x86_64-debian-gcc | 13.0-0 | 27.93 | 78.22 | 106.15 | OK | |
| r-devel-linux-x86_64-fedora-clang | 13.0-0 | 71.00 | 144.81 | 215.81 | OK | |
| r-devel-linux-x86_64-fedora-gcc | 13.0-0 | 102.00 | 129.09 | 231.09 | OK | |
| r-devel-windows-x86_64 | 13.0-0 | 40.00 | 127.00 | 167.00 | OK | |
| r-patched-linux-x86_64 | 13.0-0 | 38.40 | 101.50 | 139.90 | OK | |
| r-release-linux-x86_64 | 13.0-0 | 38.94 | 99.04 | 137.98 | OK | |
| r-release-macos-arm64 | 13.0-0 | 26.00 | 56.00 | 82.00 | OK | |
| r-release-macos-x86_64 | 13.0-0 | 36.00 | 116.00 | 152.00 | OK | |
| r-release-windows-x86_64 | 13.0-0 | 38.00 | 129.00 | 167.00 | OK | |
| r-oldrel-macos-arm64 | 13.0-0 | 28.00 | 61.00 | 89.00 | NOTE | |
| r-oldrel-macos-x86_64 | 13.0-0 | 39.00 | 133.00 | 172.00 | NOTE | |
| r-oldrel-windows-x86_64 | 13.0-0 | 52.00 | 154.00 | 206.00 | NOTE |
Version: 13.0-0
Check: installed package size
Result: NOTE
installed size is 6.9Mb
sub-directories of 1Mb or more:
data 5.9Mb
Flavors: r-oldrel-macos-arm64, r-oldrel-macos-x86_64, r-oldrel-windows-x86_64