Last updated on 2025-10-26 09:50:00 CET.
| Flavor | Version | Tinstall | Tcheck | Ttotal | Status | Flags | 
|---|---|---|---|---|---|---|
| r-devel-linux-x86_64-debian-clang | 1.7 | 6.37 | 51.75 | 58.12 | NOTE | |
| r-devel-linux-x86_64-debian-gcc | 1.7 | 4.71 | 38.94 | 43.65 | NOTE | |
| r-devel-linux-x86_64-fedora-clang | 1.7 | 13.00 | 74.59 | 87.59 | OK | |
| r-devel-linux-x86_64-fedora-gcc | 1.7 | 14.00 | 69.69 | 83.69 | OK | |
| r-devel-windows-x86_64 | 1.7 | 7.00 | 60.00 | 67.00 | OK | |
| r-patched-linux-x86_64 | 1.7 | 6.49 | 48.82 | 55.31 | OK | |
| r-release-linux-x86_64 | 1.7 | 5.58 | 49.43 | 55.01 | OK | |
| r-release-macos-arm64 | 1.7 | 3.00 | 32.00 | 35.00 | OK | |
| r-release-macos-x86_64 | 1.7 | 6.00 | 45.00 | 51.00 | OK | |
| r-release-windows-x86_64 | 1.7 | 7.00 | 61.00 | 68.00 | OK | |
| r-oldrel-macos-arm64 | 1.7 | 3.00 | 25.00 | 28.00 | OK | |
| r-oldrel-macos-x86_64 | 1.7 | 4.00 | 36.00 | 40.00 | OK | |
| r-oldrel-windows-x86_64 | 1.7 | 9.00 | 74.00 | 83.00 | OK | 
Version: 1.7
Check: CRAN incoming feasibility
Result: NOTE
  Maintainer: ‘Jeffrey Endelman <endelman@wisc.edu>’
  
  No Authors@R field in DESCRIPTION.
  Please add one, modifying
    Authors@R: person(given = "Jeffrey",
                      family = "Endelman",
                      role = c("aut", "cre"),
                      email = "endelman@wisc.edu")
  as necessary.
  
  Package CITATION file contains call(s) to old-style personList() or
  as.personList().  Please use c() on person objects instead.
  Package CITATION file contains call(s) to old-style citEntry().  Please
  use bibentry() instead.
Flavors: r-devel-linux-x86_64-debian-clang, r-devel-linux-x86_64-debian-gcc