Last updated on 2025-10-26 05:50:01 CET.
| Flavor | Version | Tinstall | Tcheck | Ttotal | Status | Flags |
|---|---|---|---|---|---|---|
| r-devel-linux-x86_64-debian-clang | 1.5.0 | 5.40 | 116.16 | 121.56 | NOTE | |
| r-devel-linux-x86_64-debian-gcc | 1.5.0 | 2.84 | 75.24 | 78.08 | NOTE | |
| r-devel-linux-x86_64-fedora-clang | 1.5.0 | 11.00 | 174.04 | 185.04 | OK | |
| r-devel-linux-x86_64-fedora-gcc | 1.5.0 | 10.00 | 186.00 | 196.00 | OK | |
| r-devel-windows-x86_64 | 1.5.0 | 5.00 | 140.00 | 145.00 | OK | |
| r-patched-linux-x86_64 | 1.5.0 | 4.54 | 111.17 | 115.71 | OK | |
| r-release-linux-x86_64 | 1.5.0 | 4.00 | 111.75 | 115.75 | OK | |
| r-release-macos-arm64 | 1.5.0 | 2.00 | 57.00 | 59.00 | OK | |
| r-release-macos-x86_64 | 1.5.0 | 4.00 | 123.00 | 127.00 | OK | |
| r-release-windows-x86_64 | 1.5.0 | 6.00 | 146.00 | 152.00 | OK | |
| r-oldrel-macos-arm64 | 1.5.0 | 2.00 | 53.00 | 55.00 | OK | |
| r-oldrel-macos-x86_64 | 1.5.0 | 5.00 | 100.00 | 105.00 | OK | |
| r-oldrel-windows-x86_64 | 1.5.0 | 8.00 | 180.00 | 188.00 | OK |
Version: 1.5.0
Check: CRAN incoming feasibility
Result: NOTE
Maintainer: ‘Jinsong Chen <jinsong.chen@live.com>’
No Authors@R field in DESCRIPTION.
Please add one, modifying
Authors@R: person(given = "Jinsong",
family = "Chen",
role = c("aut", "cre", "cph"),
email = "jinsong.chen@live.com")
as necessary.
Flavors: r-devel-linux-x86_64-debian-clang, r-devel-linux-x86_64-debian-gcc