Last updated on 2025-10-25 21:49:43 CEST.
| Flavor | Version | Tinstall | Tcheck | Ttotal | Status | Flags |
|---|---|---|---|---|---|---|
| r-devel-linux-x86_64-debian-clang | 2.0.0 | 4.69 | 49.38 | 54.07 | NOTE | |
| r-devel-linux-x86_64-debian-gcc | 2.0.0 | 3.41 | 36.05 | 39.46 | NOTE | |
| r-devel-linux-x86_64-fedora-clang | 2.0.0 | 11.00 | 66.77 | 77.77 | NOTE | |
| r-devel-linux-x86_64-fedora-gcc | 2.0.0 | 86.22 | NOTE | |||
| r-devel-windows-x86_64 | 2.0.0 | 6.00 | 66.00 | 72.00 | NOTE | |
| r-patched-linux-x86_64 | 2.0.0 | 4.84 | 43.99 | 48.83 | NOTE | |
| r-release-linux-x86_64 | 2.0.0 | 4.73 | 44.04 | 48.77 | NOTE | |
| r-release-macos-arm64 | 2.0.0 | 3.00 | 56.00 | 59.00 | NOTE | |
| r-release-macos-x86_64 | 2.0.0 | 4.00 | 72.00 | 76.00 | NOTE | |
| r-release-windows-x86_64 | 2.0.0 | 7.00 | 65.00 | 72.00 | NOTE | |
| r-oldrel-macos-arm64 | 2.0.0 | 2.00 | 46.00 | 48.00 | OK | |
| r-oldrel-macos-x86_64 | 2.0.0 | 7.00 | 90.00 | 97.00 | OK | |
| r-oldrel-windows-x86_64 | 2.0.0 | 9.00 | 75.00 | 84.00 | OK |
Version: 2.0.0
Check: DESCRIPTION meta-information
Result: NOTE
Missing dependency on R >= 4.1.0 because package code uses the pipe
|> or function shorthand \(...) syntax added in R 4.1.0.
File(s) using such syntax:
‘Koboconnect.R’ ‘other.R’
Flavors: r-devel-linux-x86_64-debian-clang, r-devel-linux-x86_64-debian-gcc, r-devel-linux-x86_64-fedora-clang, r-devel-linux-x86_64-fedora-gcc, r-devel-windows-x86_64, r-patched-linux-x86_64, r-release-linux-x86_64, r-release-macos-arm64, r-release-macos-x86_64, r-release-windows-x86_64