Last updated on 2025-11-26 17:49:57 CET.
| Flavor | Version | Tinstall | Tcheck | Ttotal | Status | Flags |
|---|---|---|---|---|---|---|
| r-devel-linux-x86_64-debian-clang | 1.1.6 | 7.62 | 67.61 | 75.23 | NOTE | |
| r-devel-linux-x86_64-debian-gcc | 1.1.6 | 5.83 | 50.22 | 56.05 | NOTE | |
| r-devel-linux-x86_64-fedora-clang | 1.1.6 | 14.00 | 100.29 | 114.29 | OK | |
| r-devel-linux-x86_64-fedora-gcc | 1.1.6 | 30.00 | 83.77 | 113.77 | OK | |
| r-devel-windows-x86_64 | 1.1.6 | 9.00 | 77.00 | 86.00 | OK | |
| r-patched-linux-x86_64 | 1.1.6 | 7.55 | 64.16 | 71.71 | OK | |
| r-release-linux-x86_64 | 1.1.6 | 6.51 | 63.89 | 70.40 | OK | |
| r-release-macos-arm64 | 1.1.6 | OK | ||||
| r-release-macos-x86_64 | 1.1.6 | 8.00 | 63.00 | 71.00 | OK | |
| r-release-windows-x86_64 | 1.1.6 | 9.00 | 74.00 | 83.00 | OK | |
| r-oldrel-macos-arm64 | 1.1.6 | OK | ||||
| r-oldrel-macos-x86_64 | 1.1.6 | 5.00 | 52.00 | 57.00 | OK | |
| r-oldrel-windows-x86_64 | 1.1.6 | 11.00 | 98.00 | 109.00 | OK |
Version: 1.1.6
Check: CRAN incoming feasibility
Result: NOTE
Maintainer: ‘Kridsadakorn Chaichoompu <kridsadakorn@biostatgen.org>’
Package CITATION file contains call(s) to old-style personList() or
as.personList(). Please use c() on person objects instead.
Package CITATION file contains call(s) to old-style citEntry(). Please
use bibentry() instead.
Flavors: r-devel-linux-x86_64-debian-clang, r-devel-linux-x86_64-debian-gcc