Last updated on 2025-10-25 09:49:33 CEST.
| Flavor | Version | Tinstall | Tcheck | Ttotal | Status | Flags |
|---|---|---|---|---|---|---|
| r-devel-linux-x86_64-debian-clang | 0.3.1.1 | 1.36 | 20.35 | 21.71 | NOTE | |
| r-devel-linux-x86_64-debian-gcc | 0.3.1.1 | 1.37 | 16.66 | 18.03 | NOTE | |
| r-devel-linux-x86_64-fedora-clang | 0.3.1.1 | 30.29 | OK | |||
| r-devel-linux-x86_64-fedora-gcc | 0.3.1.1 | 30.32 | OK | |||
| r-devel-windows-x86_64 | 0.3.1.1 | 4.00 | 40.00 | 44.00 | OK | |
| r-patched-linux-x86_64 | 0.3.1.1 | 1.85 | 19.15 | 21.00 | OK | |
| r-release-linux-x86_64 | 0.3.1.1 | 1.83 | 19.24 | 21.07 | OK | |
| r-release-macos-arm64 | 0.3.1.1 | 1.00 | 15.00 | 16.00 | OK | |
| r-release-macos-x86_64 | 0.3.1.1 | 2.00 | 23.00 | 25.00 | OK | |
| r-release-windows-x86_64 | 0.3.1.1 | 3.00 | 43.00 | 46.00 | OK | |
| r-oldrel-macos-arm64 | 0.3.1.1 | 1.00 | 14.00 | 15.00 | OK | |
| r-oldrel-macos-x86_64 | 0.3.1.1 | 2.00 | 26.00 | 28.00 | OK | |
| r-oldrel-windows-x86_64 | 0.3.1.1 | 3.00 | 49.00 | 52.00 | OK |
Version: 0.3.1.1
Check: CRAN incoming feasibility
Result: NOTE
Maintainer: ‘TszKin Julian Chan <ctszkin@gmail.com>’
No Authors@R field in DESCRIPTION.
Please add one, modifying
Authors@R: person(given = c("TszKin", "Julian"),
family = "Chan",
role = c("aut", "cre"),
email = "ctszkin@gmail.com")
as necessary.
Flavors: r-devel-linux-x86_64-debian-clang, r-devel-linux-x86_64-debian-gcc