Last updated on 2025-11-26 17:49:56 CET.
| Flavor | Version | Tinstall | Tcheck | Ttotal | Status | Flags |
|---|---|---|---|---|---|---|
| r-devel-linux-x86_64-debian-clang | 1.0 | 1.92 | 20.95 | 22.87 | NOTE | |
| r-devel-linux-x86_64-debian-gcc | 1.0 | 1.43 | 16.80 | 18.23 | NOTE | |
| r-devel-linux-x86_64-fedora-clang | 1.0 | 34.33 | OK | |||
| r-devel-linux-x86_64-fedora-gcc | 1.0 | 33.62 | OK | |||
| r-devel-windows-x86_64 | 1.0 | 3.00 | 40.00 | 43.00 | OK | |
| r-patched-linux-x86_64 | 1.0 | 2.03 | 19.34 | 21.37 | OK | |
| r-release-linux-x86_64 | 1.0 | 1.94 | 19.42 | 21.36 | OK | |
| r-release-macos-arm64 | 1.0 | OK | ||||
| r-release-macos-x86_64 | 1.0 | 2.00 | 21.00 | 23.00 | OK | |
| r-release-windows-x86_64 | 1.0 | 3.00 | 50.00 | 53.00 | OK | |
| r-oldrel-macos-arm64 | 1.0 | OK | ||||
| r-oldrel-macos-x86_64 | 1.0 | 1.00 | 19.00 | 20.00 | OK | |
| r-oldrel-windows-x86_64 | 1.0 | 3.00 | 44.00 | 47.00 | OK |
Version: 1.0
Check: CRAN incoming feasibility
Result: NOTE
Maintainer: ‘Ashwini Maurya <mauryaas@msu.edu>’
No Authors@R field in DESCRIPTION.
Please add one, modifying
Authors@R: person(given = "Ashwini",
family = "Maurya",
role = c("aut", "cre"),
email = "mauryaas@msu.edu")
as necessary.
Flavors: r-devel-linux-x86_64-debian-clang, r-devel-linux-x86_64-debian-gcc