Last updated on 2025-07-12 21:50:46 CEST.
Flavor | Version | Tinstall | Tcheck | Ttotal | Status | Flags |
---|---|---|---|---|---|---|
r-devel-linux-x86_64-debian-clang | 0.1.0 | 24.29 | 21.90 | 46.19 | NOTE | |
r-devel-linux-x86_64-debian-gcc | 0.1.0 | 13.73 | 18.56 | 32.29 | NOTE | |
r-devel-linux-x86_64-fedora-clang | 0.1.0 | 75.48 | OK | |||
r-devel-linux-x86_64-fedora-gcc | 0.1.0 | 71.56 | OK | |||
r-devel-windows-x86_64 | 0.1.0 | 26.00 | 61.00 | 87.00 | OK | |
r-patched-linux-x86_64 | 0.1.0 | 21.09 | 20.71 | 41.80 | OK | |
r-release-linux-x86_64 | 0.1.0 | 22.12 | 20.73 | 42.85 | OK | |
r-release-macos-arm64 | 0.1.0 | 24.00 | OK | |||
r-release-macos-x86_64 | 0.1.0 | 50.00 | OK | |||
r-release-windows-x86_64 | 0.1.0 | 25.00 | 64.00 | 89.00 | OK | |
r-oldrel-macos-arm64 | 0.1.0 | 23.00 | NOTE | |||
r-oldrel-macos-x86_64 | 0.1.0 | 41.00 | NOTE | |||
r-oldrel-windows-x86_64 | 0.1.0 | 31.00 | 65.00 | 96.00 | NOTE |
Version: 0.1.0
Check: CRAN incoming feasibility
Result: NOTE
Maintainer: ‘Zeng Xianli <a0123862@u.nus.edu>’
No Authors@R field in DESCRIPTION.
Please add one, modifying
Authors@R: c(person(given = "Zeng",
family = "Xianli",
role = c("aut", "cre"),
email = "a0123862@u.nus.edu"),
person(given = "Hang",
family = "Weiqiang",
role = "aut",
email = "e0010758@u.nus.edu"))
as necessary.
Flavors: r-devel-linux-x86_64-debian-clang, r-devel-linux-x86_64-debian-gcc
Version: 0.1.0
Check: LazyData
Result: NOTE
'LazyData' is specified without a 'data' directory
Flavors: r-oldrel-macos-arm64, r-oldrel-macos-x86_64, r-oldrel-windows-x86_64