Last updated on 2025-10-25 17:48:40 CEST.
| Flavor | Version | Tinstall | Tcheck | Ttotal | Status | Flags |
|---|---|---|---|---|---|---|
| r-devel-linux-x86_64-debian-clang | 1.1.0 | 9.52 | 72.97 | 82.49 | NOTE | |
| r-devel-linux-x86_64-debian-gcc | 1.1.0 | 6.28 | 54.54 | 60.82 | NOTE | |
| r-devel-linux-x86_64-fedora-clang | 1.1.0 | 17.00 | 102.10 | 119.10 | OK | |
| r-devel-linux-x86_64-fedora-gcc | 1.1.0 | 17.00 | 95.00 | 112.00 | OK | |
| r-devel-windows-x86_64 | 1.1.0 | 9.00 | 75.00 | 84.00 | OK | |
| r-patched-linux-x86_64 | 1.1.0 | 7.80 | 69.51 | 77.31 | OK | |
| r-release-linux-x86_64 | 1.1.0 | 7.97 | 68.77 | 76.74 | OK | |
| r-release-macos-arm64 | 1.1.0 | 4.00 | 35.00 | 39.00 | OK | |
| r-release-macos-x86_64 | 1.1.0 | 7.00 | 60.00 | 67.00 | OK | |
| r-release-windows-x86_64 | 1.1.0 | 8.00 | 79.00 | 87.00 | OK | |
| r-oldrel-macos-arm64 | 1.1.0 | 4.00 | 31.00 | 35.00 | OK | |
| r-oldrel-macos-x86_64 | 1.1.0 | 7.00 | 52.00 | 59.00 | OK | |
| r-oldrel-windows-x86_64 | 1.1.0 | 11.00 | 94.00 | 105.00 | OK |
Version: 1.1.0
Check: CRAN incoming feasibility
Result: NOTE
Maintainer: ‘Loris Michel <michel@stat.math.ethz.ch>’
No Authors@R field in DESCRIPTION.
Please add one, modifying
Authors@R: c(person(given = "Loris",
family = "Michel",
role = c("aut", "cre"),
email = "michel@stat.math.ethz.ch"),
person(given = "Meta-Lina",
family = "Spohn",
role = "aut"),
person(given = "Jeffrey",
family = "Naef",
role = "aut"))
as necessary.
The Description field contains
Michel et al. (2021) <arXiv:2106.03742>.
Please refer to arXiv e-prints via their arXiv DOI <doi:10.48550/arXiv.YYMM.NNNNN>.
Flavors: r-devel-linux-x86_64-debian-clang, r-devel-linux-x86_64-debian-gcc