CRAN Package Check Results for Package IMmailgun

Last updated on 2025-10-26 05:50:00 CET.

Flavor Version Tinstall Tcheck Ttotal Status Flags
r-devel-linux-x86_64-debian-clang 0.1.2 2.04 18.80 20.84 NOTE
r-devel-linux-x86_64-debian-gcc 0.1.2 1.80 15.79 17.59 NOTE
r-devel-linux-x86_64-fedora-clang 0.1.2 29.74 OK
r-devel-linux-x86_64-fedora-gcc 0.1.2 27.78 OK
r-devel-windows-x86_64 0.1.2 4.00 36.00 40.00 OK
r-patched-linux-x86_64 0.1.2 2.05 16.90 18.95 OK
r-release-linux-x86_64 0.1.2 2.44 16.82 19.26 OK
r-release-macos-arm64 0.1.2 1.00 16.00 17.00 OK
r-release-macos-x86_64 0.1.2 2.00 24.00 26.00 OK
r-release-windows-x86_64 0.1.2 4.00 39.00 43.00 OK
r-oldrel-macos-arm64 0.1.2 1.00 14.00 15.00 NOTE
r-oldrel-macos-x86_64 0.1.2 2.00 17.00 19.00 NOTE
r-oldrel-windows-x86_64 0.1.2 5.00 41.00 46.00 NOTE

Check Details

Version: 0.1.2
Check: CRAN incoming feasibility
Result: NOTE Maintainer: ‘Ignacio Martinez <ignacio@protonmail.com>’ No Authors@R field in DESCRIPTION. Please add one, modifying Authors@R: person(given = "Ignacio", family = "Martinez", role = c("aut", "cre"), email = "ignacio@protonmail.com") as necessary. Flavors: r-devel-linux-x86_64-debian-clang, r-devel-linux-x86_64-debian-gcc

Version: 0.1.2
Check: LazyData
Result: NOTE 'LazyData' is specified without a 'data' directory Flavors: r-oldrel-macos-arm64, r-oldrel-macos-x86_64, r-oldrel-windows-x86_64