CRAN Package Check Results for Package IMPACT

Last updated on 2025-10-26 09:49:58 CET.

Flavor Version Tinstall Tcheck Ttotal Status Flags
r-devel-linux-x86_64-debian-clang 0.1.1 1.69 17.53 19.22 NOTE
r-devel-linux-x86_64-debian-gcc 0.1.1 1.25 14.50 15.75 NOTE
r-devel-linux-x86_64-fedora-clang 0.1.1 27.92 OK
r-devel-linux-x86_64-fedora-gcc 0.1.1 26.09 OK
r-devel-windows-x86_64 0.1.1 2.00 32.00 34.00 OK
r-patched-linux-x86_64 0.1.1 1.74 16.89 18.63 OK
r-release-linux-x86_64 0.1.1 1.64 16.89 18.53 OK
r-release-macos-arm64 0.1.1 1.00 13.00 14.00 OK
r-release-macos-x86_64 0.1.1 2.00 19.00 21.00 OK
r-release-windows-x86_64 0.1.1 2.00 34.00 36.00 OK
r-oldrel-macos-arm64 0.1.1 1.00 13.00 14.00 OK
r-oldrel-macos-x86_64 0.1.1 1.00 24.00 25.00 OK
r-oldrel-windows-x86_64 0.1.1 3.00 34.00 37.00 OK

Check Details

Version: 0.1.1
Check: CRAN incoming feasibility
Result: NOTE Maintainer: ‘Nery Sofia Huerta-Pacheco <nehuerta@uv.mx>’ No Authors@R field in DESCRIPTION. Please add one, modifying Authors@R: person(given = c("Nery", "Sofia"), family = "Huerta-Pacheco", role = c("aut", "cre"), email = "nehuerta@uv.mx") as necessary. Flavors: r-devel-linux-x86_64-debian-clang, r-devel-linux-x86_64-debian-gcc