Last updated on 2025-10-25 13:48:39 CEST.
| Flavor | Version | Tinstall | Tcheck | Ttotal | Status | Flags |
|---|---|---|---|---|---|---|
| r-devel-linux-x86_64-debian-clang | 2.2.0 | 22.89 | 124.72 | 147.61 | NOTE | |
| r-devel-linux-x86_64-debian-gcc | 2.2.0 | 14.42 | 79.96 | 94.38 | NOTE | |
| r-devel-linux-x86_64-fedora-clang | 2.2.0 | 114.00 | 135.70 | 249.70 | OK | |
| r-devel-linux-x86_64-fedora-gcc | 2.2.0 | 46.00 | 175.70 | 221.70 | OK | |
| r-devel-windows-x86_64 | 2.2.0 | 22.00 | 119.00 | 141.00 | OK | |
| r-patched-linux-x86_64 | 2.2.0 | 22.71 | 115.62 | 138.33 | OK | |
| r-release-linux-x86_64 | 2.2.0 | 20.84 | 117.95 | 138.79 | OK | |
| r-release-macos-arm64 | 2.2.0 | 10.00 | 65.00 | 75.00 | OK | |
| r-release-macos-x86_64 | 2.2.0 | 24.00 | 111.00 | 135.00 | OK | |
| r-release-windows-x86_64 | 2.2.0 | 21.00 | 124.00 | 145.00 | OK | |
| r-oldrel-macos-arm64 | 2.2.0 | 10.00 | 47.00 | 57.00 | OK | |
| r-oldrel-macos-x86_64 | 2.2.0 | 16.00 | 79.00 | 95.00 | OK | |
| r-oldrel-windows-x86_64 | 2.2.0 | 32.00 | 151.00 | 183.00 | OK |
Version: 2.2.0
Check: CRAN incoming feasibility
Result: NOTE
Maintainer: ‘Keefe Murphy <keefe.murphy@mu.ie>’
The BugReports field in DESCRIPTION has
https://github.com/Keefe-Murphy/IMIFA
which should likely be
https://github.com/Keefe-Murphy/IMIFA/issues
instead.
Flavors: r-devel-linux-x86_64-debian-clang, r-devel-linux-x86_64-debian-gcc