CRAN Package Check Results for Package IDCard

Last updated on 2025-07-27 05:48:33 CEST.

Flavor Version Tinstall Tcheck Ttotal Status Flags
r-devel-linux-x86_64-debian-clang 0.3.0 2.80 24.32 27.12 NOTE
r-devel-linux-x86_64-debian-gcc 0.3.0 2.06 19.68 21.74 NOTE
r-devel-linux-x86_64-fedora-clang 0.3.0 41.71 OK
r-devel-linux-x86_64-fedora-gcc 0.3.0 39.54 OK
r-devel-windows-x86_64 0.3.0 5.00 43.00 48.00 OK
r-patched-linux-x86_64 0.3.0 2.80 23.62 26.42 OK
r-release-linux-x86_64 0.3.0 2.57 23.06 25.63 OK
r-release-macos-arm64 0.3.0 24.00 OK
r-release-macos-x86_64 0.3.0 31.00 OK
r-release-windows-x86_64 0.3.0 4.00 44.00 48.00 OK
r-oldrel-macos-arm64 0.3.0 18.00 OK
r-oldrel-macos-x86_64 0.3.0 27.00 OK
r-oldrel-windows-x86_64 0.3.0 5.00 50.00 55.00 OK

Check Details

Version: 0.3.0
Check: CRAN incoming feasibility
Result: NOTE Maintainer: ‘Zhicheng Du<dgdzc@hotmail.com>’ No Authors@R field in DESCRIPTION. Please add one, modifying Authors@R: c(person(given = "Zhicheng", family = "Du", role = c("aut", "cre"), email = "dgdzc@hotmail.com"), person(given = "Yuantao", family = "Hao", role = "aut")) as necessary. Flavors: r-devel-linux-x86_64-debian-clang, r-devel-linux-x86_64-debian-gcc