Last updated on 2025-07-12 21:50:45 CEST.
Flavor | Version | Tinstall | Tcheck | Ttotal | Status | Flags |
---|---|---|---|---|---|---|
r-devel-linux-x86_64-debian-clang | 1.1.3 | 4.26 | 63.84 | 68.10 | OK | |
r-devel-linux-x86_64-debian-gcc | 1.1.3 | 3.10 | 47.12 | 50.22 | OK | |
r-devel-linux-x86_64-fedora-clang | 1.1.3 | 105.03 | OK | |||
r-devel-linux-x86_64-fedora-gcc | 1.1.3 | 113.53 | OK | |||
r-devel-windows-x86_64 | 1.1.3 | 8.00 | 88.00 | 96.00 | OK | |
r-patched-linux-x86_64 | 1.1.3 | 5.40 | 60.48 | 65.88 | OK | |
r-release-linux-x86_64 | 1.1.3 | 4.22 | 60.29 | 64.51 | OK | |
r-release-macos-arm64 | 1.1.3 | 58.00 | OK | |||
r-release-macos-x86_64 | 1.1.3 | 80.00 | OK | |||
r-release-windows-x86_64 | 1.1.3 | 7.00 | 87.00 | 94.00 | OK | |
r-oldrel-macos-arm64 | 1.1.3 | 45.00 | NOTE | |||
r-oldrel-macos-x86_64 | 1.1.3 | 101.00 | NOTE | |||
r-oldrel-windows-x86_64 | 1.1.3 | 9.00 | 104.00 | 113.00 | NOTE |
Version: 1.1.3
Check: installed package size
Result: NOTE
installed size is 7.4Mb
sub-directories of 1Mb or more:
extdata 5.7Mb
Flavors: r-oldrel-macos-arm64, r-oldrel-macos-x86_64, r-oldrel-windows-x86_64