Last updated on 2025-10-26 13:49:58 CET.
| Flavor | Version | Tinstall | Tcheck | Ttotal | Status | Flags |
|---|---|---|---|---|---|---|
| r-devel-linux-x86_64-debian-clang | 1.0-5 | 13.31 | 45.50 | 58.81 | NOTE | |
| r-devel-linux-x86_64-debian-gcc | 1.0-5 | 11.29 | 34.11 | 45.40 | NOTE | |
| r-devel-linux-x86_64-fedora-clang | 1.0-5 | 38.00 | 49.22 | 87.22 | OK | |
| r-devel-linux-x86_64-fedora-gcc | 1.0-5 | 29.00 | 54.13 | 83.13 | OK | |
| r-devel-windows-x86_64 | 1.0-5 | 16.00 | 66.00 | 82.00 | OK | |
| r-patched-linux-x86_64 | 1.0-5 | 15.32 | 43.61 | 58.93 | NOTE | |
| r-release-linux-x86_64 | 1.0-5 | 13.84 | 44.50 | 58.34 | NOTE | |
| r-release-macos-arm64 | 1.0-5 | 10.00 | 25.00 | 35.00 | OK | |
| r-release-macos-x86_64 | 1.0-5 | 17.00 | 44.00 | 61.00 | OK | |
| r-release-windows-x86_64 | 1.0-5 | 15.00 | 68.00 | 83.00 | OK | |
| r-oldrel-macos-arm64 | 1.0-5 | 9.00 | 25.00 | 34.00 | NOTE | |
| r-oldrel-macos-x86_64 | 1.0-5 | 13.00 | 35.00 | 48.00 | NOTE | |
| r-oldrel-windows-x86_64 | 1.0-5 | 17.00 | 82.00 | 99.00 | NOTE |
Version: 1.0-5
Check: for unstated dependencies in ‘demo’
Result: NOTE
'library' or 'require' calls not declared from:
‘Ecdat’ ‘LowRankQP’ ‘VGAM’ ‘e1071’ ‘fda’ ‘fda.usc’ ‘mlbench’ ‘nlme’
‘quantreg’ ‘refund’ ‘rgl’ ‘rstan’
Flavors: r-devel-linux-x86_64-debian-clang, r-devel-linux-x86_64-debian-gcc, r-patched-linux-x86_64, r-release-linux-x86_64
Version: 1.0-5
Check: installed package size
Result: NOTE
installed size is 8.3Mb
sub-directories of 1Mb or more:
data 7.8Mb
Flavors: r-oldrel-macos-arm64, r-oldrel-macos-x86_64, r-oldrel-windows-x86_64