Last updated on 2025-11-26 17:49:55 CET.
| Flavor | Version | Tinstall | Tcheck | Ttotal | Status | Flags |
|---|---|---|---|---|---|---|
| r-devel-linux-x86_64-debian-clang | 1.0.1 | 2.52 | 30.94 | 33.46 | NOTE | |
| r-devel-linux-x86_64-debian-gcc | 1.0.1 | 2.19 | 23.84 | 26.03 | NOTE | |
| r-devel-linux-x86_64-fedora-clang | 1.0.1 | 49.28 | NOTE | |||
| r-devel-linux-x86_64-fedora-gcc | 1.0.1 | 44.50 | NOTE | |||
| r-devel-windows-x86_64 | 1.0.1 | 5.00 | 50.00 | 55.00 | NOTE | |
| r-patched-linux-x86_64 | 1.0.1 | 2.60 | 28.97 | 31.57 | NOTE | |
| r-release-linux-x86_64 | 1.0.1 | 2.58 | 28.96 | 31.54 | NOTE | |
| r-release-macos-arm64 | 1.0.1 | NOTE | ||||
| r-release-macos-x86_64 | 1.0.1 | 2.00 | 31.00 | 33.00 | NOTE | |
| r-release-windows-x86_64 | 1.0.1 | 4.00 | 63.00 | 67.00 | NOTE | |
| r-oldrel-macos-arm64 | 1.0.1 | NOTE | ||||
| r-oldrel-macos-x86_64 | 1.0.1 | 2.00 | 26.00 | 28.00 | NOTE | |
| r-oldrel-windows-x86_64 | 1.0.1 | 5.00 | 59.00 | 64.00 | NOTE |
Version: 1.0.1
Check: Rd files
Result: NOTE
checkRd: (-1) HOasso.Rd:43: Lost braces; missing escapes or markup?
43 | Arguments \code{x} and {y} are \code{character} objects and can assume values \code{"sout"}, \code{"dout"}, \code{"lout"}, \code{"sin"}, \code{"din"}, \code{"lin"} representing the out-strength, out-degree, out-log-strength, in-strength, in-degree, and in-log-strength respectively.
| ^
Flavors: r-devel-linux-x86_64-debian-clang, r-devel-linux-x86_64-debian-gcc, r-devel-linux-x86_64-fedora-clang, r-devel-linux-x86_64-fedora-gcc, r-devel-windows-x86_64, r-patched-linux-x86_64, r-release-linux-x86_64, r-release-macos-arm64, r-release-macos-x86_64, r-release-windows-x86_64, r-oldrel-macos-arm64, r-oldrel-macos-x86_64, r-oldrel-windows-x86_64