Last updated on 2025-07-18 09:51:08 CEST.
Flavor | Version | Tinstall | Tcheck | Ttotal | Status | Flags |
---|---|---|---|---|---|---|
r-devel-linux-x86_64-debian-clang | 0.5.1 | 70.33 | 219.22 | 289.55 | OK | |
r-devel-linux-x86_64-debian-gcc | 0.5.1 | 48.39 | 150.91 | 199.30 | OK | |
r-devel-linux-x86_64-fedora-clang | 0.5.1 | 480.71 | OK | |||
r-devel-linux-x86_64-fedora-gcc | 0.5.1 | 461.63 | OK | |||
r-devel-windows-x86_64 | 0.5.1 | 81.00 | 228.00 | 309.00 | OK | |
r-patched-linux-x86_64 | 0.5.1 | 69.44 | 209.18 | 278.62 | OK | |
r-release-linux-x86_64 | 0.5.1 | 70.23 | 211.24 | 281.47 | OK | |
r-release-macos-arm64 | 0.5.1 | 120.00 | OK | |||
r-release-macos-x86_64 | 0.5.1 | 261.00 | OK | |||
r-release-windows-x86_64 | 0.5.1 | 81.00 | 225.00 | 306.00 | OK | |
r-oldrel-macos-arm64 | 0.5.1 | 147.00 | WARN | |||
r-oldrel-macos-x86_64 | 0.5.1 | 272.00 | WARN | |||
r-oldrel-windows-x86_64 | 0.5.1 | 98.00 | 325.00 | 423.00 | WARN |
Version: 0.5.1
Check: S3 generic/method consistency
Result: WARN
mdffits:
function(model, ...)
mdffits.mer:
function(object, level, delete, ...)
See section ‘Generic functions and methods’ in the ‘Writing R
Extensions’ manual.
Flavors: r-oldrel-macos-arm64, r-oldrel-macos-x86_64, r-oldrel-windows-x86_64