CRAN Package Check Results for Package HDMFA

Last updated on 2025-07-10 05:49:15 CEST.

Flavor Version Tinstall Tcheck Ttotal Status Flags
r-devel-linux-x86_64-debian-clang 0.1.1 7.51 59.20 66.71 NOTE
r-devel-linux-x86_64-debian-gcc 0.1.1 5.00 45.47 50.47 NOTE
r-devel-linux-x86_64-fedora-clang 0.1.1 100.05 OK
r-devel-linux-x86_64-fedora-gcc 0.1.1 95.69 OK
r-devel-windows-x86_64 0.1.1 7.00 75.00 82.00 OK
r-patched-linux-x86_64 0.1.1 7.03 56.45 63.48 OK
r-release-linux-x86_64 0.1.1 7.46 55.95 63.41 OK
r-release-macos-arm64 0.1.1 40.00 OK
r-release-macos-x86_64 0.1.1 57.00 OK
r-release-windows-x86_64 0.1.1 8.00 82.00 90.00 OK
r-oldrel-macos-arm64 0.1.1 31.00 OK
r-oldrel-macos-x86_64 0.1.1 51.00 OK
r-oldrel-windows-x86_64 0.1.1 10.00 88.00 98.00 OK

Check Details

Version: 0.1.1
Check: CRAN incoming feasibility
Result: NOTE Maintainer: ‘Ran Zhao <Zhaoran@mail.sdu.edu.cn>’ The Description field contains al. (2023) <arXiv:2306.03317>. In this package, we also provide the Please refer to arXiv e-prints via their arXiv DOI <doi:10.48550/arXiv.YYMM.NNNNN>. Flavors: r-devel-linux-x86_64-debian-clang, r-devel-linux-x86_64-debian-gcc