CRAN Package Check Results for Package GofKmt

Last updated on 2025-07-13 05:48:30 CEST.

Flavor Version Tinstall Tcheck Ttotal Status Flags
r-devel-linux-x86_64-debian-clang 2.2.0 26.40 49.80 76.20 NOTE
r-devel-linux-x86_64-debian-gcc 2.2.0 17.87 36.62 54.49 NOTE
r-devel-linux-x86_64-fedora-clang 2.2.0 127.95 NOTE
r-devel-linux-x86_64-fedora-gcc 2.2.0 114.73 NOTE
r-devel-windows-x86_64 2.2.0 32.00 99.00 131.00 NOTE
r-patched-linux-x86_64 2.2.0 25.16 46.77 71.93 NOTE
r-release-linux-x86_64 2.2.0 23.78 46.54 70.32 NOTE
r-release-macos-arm64 2.2.0 38.00 NOTE
r-release-macos-x86_64 2.2.0 65.00 NOTE
r-release-windows-x86_64 2.2.0 31.00 86.00 117.00 NOTE
r-oldrel-macos-arm64 2.2.0 33.00 NOTE
r-oldrel-macos-x86_64 2.2.0 51.00 NOTE
r-oldrel-windows-x86_64 2.2.0 37.00 105.00 142.00 NOTE

Check Details

Version: 2.2.0
Check: CRAN incoming feasibility
Result: NOTE Maintainer: ‘Jiwoong Kim <jwboys26@gmail.com>’ No Authors@R field in DESCRIPTION. Please add one, modifying Authors@R: person(given = "Jiwoong", family = "Kim", role = c("aut", "cre"), email = "jwboys26atgmail.com") as necessary. Flavors: r-devel-linux-x86_64-debian-clang, r-devel-linux-x86_64-debian-gcc

Version: 2.2.0
Check: C++ specification
Result: NOTE Specified C++11: please drop specification unless essential Flavors: r-devel-linux-x86_64-debian-clang, r-devel-linux-x86_64-debian-gcc, r-devel-linux-x86_64-fedora-clang, r-devel-linux-x86_64-fedora-gcc, r-devel-windows-x86_64, r-patched-linux-x86_64, r-release-linux-x86_64, r-release-macos-arm64, r-release-macos-x86_64, r-release-windows-x86_64, r-oldrel-macos-arm64, r-oldrel-macos-x86_64, r-oldrel-windows-x86_64