Last updated on 2025-11-26 05:51:37 CET.
| Flavor | Version | Tinstall | Tcheck | Ttotal | Status | Flags |
|---|---|---|---|---|---|---|
| r-devel-linux-x86_64-debian-clang | 2.2.0 | 55.25 | 226.49 | 281.74 | OK | |
| r-devel-linux-x86_64-debian-gcc | 2.2.1 | 41.17 | 152.18 | 193.35 | OK | |
| r-devel-linux-x86_64-fedora-clang | 2.2.1 | 95.00 | 343.08 | 438.08 | OK | |
| r-devel-linux-x86_64-fedora-gcc | 2.2.1 | 275.00 | 219.61 | 494.61 | OK | |
| r-devel-windows-x86_64 | 2.2.0 | 76.00 | 243.00 | 319.00 | OK | |
| r-patched-linux-x86_64 | 2.2.0 | 54.54 | 214.32 | 268.86 | OK | |
| r-release-linux-x86_64 | 2.2.0 | 58.94 | 215.65 | 274.59 | OK | |
| r-release-macos-arm64 | 2.2.1 | 18.00 | 51.00 | 69.00 | OK | |
| r-release-macos-x86_64 | 2.2.1 | 102.00 | 417.00 | 519.00 | OK | |
| r-release-windows-x86_64 | 2.2.0 | 69.00 | 246.00 | 315.00 | OK | |
| r-oldrel-macos-arm64 | 2.2.1 | 14.00 | 56.00 | 70.00 | OK | |
| r-oldrel-macos-x86_64 | 2.2.1 | 70.00 | 368.00 | 438.00 | NOTE | |
| r-oldrel-windows-x86_64 | 2.2.1 | 74.00 | 312.00 | 386.00 | OK |
Version: 2.2.1
Check: installed package size
Result: NOTE
installed size is 6.2Mb
sub-directories of 1Mb or more:
R 2.0Mb
data 1.3Mb
libs 2.4Mb
Flavor: r-oldrel-macos-x86_64