Last updated on 2025-10-25 09:49:32 CEST.
| Flavor | Version | Tinstall | Tcheck | Ttotal | Status | Flags |
|---|---|---|---|---|---|---|
| r-devel-linux-x86_64-debian-clang | 1.0.0 | 19.07 | 227.74 | 246.81 | OK | |
| r-devel-linux-x86_64-debian-gcc | 1.0.0 | 12.97 | 154.11 | 167.08 | OK | |
| r-devel-linux-x86_64-fedora-clang | 1.0.0 | 36.00 | 331.80 | 367.80 | NOTE | |
| r-devel-linux-x86_64-fedora-gcc | 1.0.0 | 83.00 | 334.24 | 417.24 | NOTE | |
| r-devel-windows-x86_64 | 1.0.0 | 19.00 | 201.00 | 220.00 | OK | |
| r-patched-linux-x86_64 | 1.0.0 | 17.11 | 216.41 | 233.52 | OK | |
| r-release-linux-x86_64 | 1.0.0 | 17.87 | 213.48 | 231.35 | OK | |
| r-release-macos-arm64 | 1.0.0 | 9.00 | 97.00 | 106.00 | OK | |
| r-release-macos-x86_64 | 1.0.0 | 21.00 | 221.00 | 242.00 | OK | |
| r-release-windows-x86_64 | 1.0.0 | 22.00 | 206.00 | 228.00 | OK | |
| r-oldrel-macos-arm64 | 1.0.0 | 10.00 | 115.00 | 125.00 | OK | |
| r-oldrel-macos-x86_64 | 1.0.0 | 18.00 | 328.00 | 346.00 | OK | |
| r-oldrel-windows-x86_64 | 1.0.0 | 26.00 | 278.00 | 304.00 | OK |
Version: 1.0.0
Check: dependencies in R code
Result: NOTE
Namespace in Imports field not imported from: ‘devtools’
All declared Imports should be used.
Flavors: r-devel-linux-x86_64-fedora-clang, r-devel-linux-x86_64-fedora-gcc