Last updated on 2025-11-26 17:49:55 CET.
| Flavor | Version | Tinstall | Tcheck | Ttotal | Status | Flags |
|---|---|---|---|---|---|---|
| r-devel-linux-x86_64-debian-clang | 1.0.0 | 0.36 | 2.70 | 3.06 | ERROR | |
| r-devel-linux-x86_64-debian-gcc | 1.0.0 | 0.32 | 2.03 | 2.35 | ERROR | |
| r-devel-linux-x86_64-fedora-clang | 1.0.0 | 2.24 | ERROR | |||
| r-devel-linux-x86_64-fedora-gcc | 1.0.0 | 166.00 | 444.39 | 610.39 | OK | |
| r-devel-windows-x86_64 | 1.0.0 | 41.00 | 305.00 | 346.00 | OK | |
| r-patched-linux-x86_64 | 1.0.0 | 39.47 | 323.10 | 362.57 | OK | |
| r-release-linux-x86_64 | 1.0.0 | 40.09 | 325.45 | 365.54 | OK | |
| r-release-macos-arm64 | 1.0.0 | OK | ||||
| r-release-macos-x86_64 | 1.0.0 | 33.00 | 247.00 | 280.00 | OK | |
| r-release-windows-x86_64 | 1.0.0 | 39.00 | 280.00 | 319.00 | OK | |
| r-oldrel-macos-arm64 | 1.0.0 | OK | ||||
| r-oldrel-macos-x86_64 | 1.0.0 | 25.00 | 182.00 | 207.00 | OK | |
| r-oldrel-windows-x86_64 | 1.0.0 | 54.00 | 382.00 | 436.00 | OK |
Version: 1.0.0
Check: package dependencies
Result: ERROR
Package required but not available: ‘tmap’
See section ‘The DESCRIPTION file’ in the ‘Writing R Extensions’
manual.
Flavors: r-devel-linux-x86_64-debian-clang, r-devel-linux-x86_64-debian-gcc, r-devel-linux-x86_64-fedora-clang