Last updated on 2025-10-25 13:48:38 CEST.
| Flavor | Version | Tinstall | Tcheck | Ttotal | Status | Flags |
|---|---|---|---|---|---|---|
| r-devel-linux-x86_64-debian-clang | 0.1.1 | 12.55 | 105.98 | 118.53 | OK | |
| r-devel-linux-x86_64-debian-gcc | 0.1.1 | 9.03 | 77.54 | 86.57 | OK | |
| r-devel-linux-x86_64-fedora-clang | 0.1.1 | 33.00 | 149.79 | 182.79 | OK | |
| r-devel-linux-x86_64-fedora-gcc | 0.1.1 | 26.00 | 145.09 | 171.09 | OK | |
| r-devel-windows-x86_64 | 0.1.1 | 14.00 | 101.00 | 115.00 | OK | |
| r-patched-linux-x86_64 | 0.1.1 | 12.46 | 101.84 | 114.30 | OK | |
| r-release-linux-x86_64 | 0.1.1 | 13.06 | 102.76 | 115.82 | OK | |
| r-release-macos-arm64 | 0.1.1 | 5.00 | 38.00 | 43.00 | OK | |
| r-release-macos-x86_64 | 0.1.1 | 9.00 | 71.00 | 80.00 | OK | |
| r-release-windows-x86_64 | 0.1.1 | 14.00 | 102.00 | 116.00 | OK | |
| r-oldrel-macos-arm64 | 0.1.1 | 5.00 | 42.00 | 47.00 | NOTE | |
| r-oldrel-macos-x86_64 | 0.1.1 | 8.00 | 76.00 | 84.00 | NOTE | |
| r-oldrel-windows-x86_64 | 0.1.1 | 19.00 | 135.00 | 154.00 | NOTE |
Version: 0.1.1
Check: LazyData
Result: NOTE
'LazyData' is specified without a 'data' directory
Flavors: r-oldrel-macos-arm64, r-oldrel-macos-x86_64, r-oldrel-windows-x86_64