CRAN Package Check Results for Package GMMBoost

Last updated on 2025-11-26 17:49:54 CET.

Flavor Version Tinstall Tcheck Ttotal Status Flags
r-devel-linux-x86_64-debian-clang 1.1.5 14.72 64.83 79.55 NOTE
r-devel-linux-x86_64-debian-gcc 1.1.5 8.37 46.54 54.91 NOTE
r-devel-linux-x86_64-fedora-clang 1.1.5 29.00 94.81 123.81 OK
r-devel-linux-x86_64-fedora-gcc 1.1.5 59.00 68.00 127.00 OK
r-devel-windows-x86_64 1.1.5 15.00 72.00 87.00 OK
r-patched-linux-x86_64 1.1.5 14.22 64.68 78.90 OK
r-release-linux-x86_64 1.1.5 14.02 65.24 79.26 OK
r-release-macos-arm64 1.1.5 OK
r-release-macos-x86_64 1.1.5 13.00 50.00 63.00 OK
r-release-windows-x86_64 1.1.5 14.00 85.00 99.00 OK
r-oldrel-macos-arm64 1.1.5 OK
r-oldrel-macos-x86_64 1.1.5 16.00 43.00 59.00 OK
r-oldrel-windows-x86_64 1.1.5 19.00 90.00 109.00 OK

Check Details

Version: 1.1.5
Check: CRAN incoming feasibility
Result: NOTE Maintainer: ‘Andreas Groll <groll@mathematik.uni-muenchen.de>’ No Authors@R field in DESCRIPTION. Please add one, modifying Authors@R: person(given = "Andreas", family = "Groll", role = c("aut", "cre"), email = "groll@mathematik.uni-muenchen.de") as necessary. Flavors: r-devel-linux-x86_64-debian-clang, r-devel-linux-x86_64-debian-gcc