Last updated on 2025-07-08 17:49:45 CEST.
Flavor | Version | Tinstall | Tcheck | Ttotal | Status | Flags |
---|---|---|---|---|---|---|
r-devel-linux-x86_64-debian-clang | 0.2.7 | 122.89 | 103.54 | 226.43 | OK | |
r-devel-linux-x86_64-debian-gcc | 0.2.7 | 100.25 | 105.72 | 205.97 | OK | |
r-devel-linux-x86_64-fedora-clang | 0.2.7 | 353.86 | OK | |||
r-devel-linux-x86_64-fedora-gcc | 0.2.7 | 429.95 | OK | |||
r-devel-windows-x86_64 | 0.2.7 | 131.00 | 181.00 | 312.00 | OK | |
r-patched-linux-x86_64 | 0.2.7 | 141.20 | 112.28 | 253.48 | OK | |
r-release-linux-x86_64 | 0.2.7 | 133.50 | 112.55 | 246.05 | OK | |
r-release-macos-arm64 | 0.2.7 | 118.00 | OK | |||
r-release-macos-x86_64 | 0.2.7 | 172.00 | OK | |||
r-release-windows-x86_64 | 0.2.7 | 125.00 | 184.00 | 309.00 | OK | |
r-oldrel-macos-arm64 | 0.2.7 | 96.00 | NOTE | |||
r-oldrel-macos-x86_64 | 0.2.7 | 152.00 | NOTE | |||
r-oldrel-windows-x86_64 | 0.2.7 | 156.00 | 201.00 | 357.00 | OK |
Version: 0.2.7
Check: installed package size
Result: NOTE
installed size is 25.1Mb
sub-directories of 1Mb or more:
libs 24.3Mb
Flavors: r-oldrel-macos-arm64, r-oldrel-macos-x86_64