CRAN Package Check Results for Package GDAdata

Last updated on 2025-11-26 09:51:16 CET.

Flavor Version Tinstall Tcheck Ttotal Status Flags
r-devel-linux-x86_64-debian-clang 0.93 1.41 20.57 21.98 NOTE
r-devel-linux-x86_64-debian-gcc 0.93 1.10 15.91 17.01 NOTE
r-devel-linux-x86_64-fedora-clang 0.93 31.42 OK
r-devel-linux-x86_64-fedora-gcc 0.93 32.61 OK
r-devel-windows-x86_64 0.93 3.00 44.00 47.00 OK
r-patched-linux-x86_64 0.93 1.49 19.06 20.55 OK
r-release-linux-x86_64 0.93 1.37 18.95 20.32 OK
r-release-macos-arm64 0.93 OK
r-release-macos-x86_64 0.93 1.00 23.00 24.00 OK
r-release-windows-x86_64 0.93 3.00 44.00 47.00 OK
r-oldrel-macos-arm64 0.93 OK
r-oldrel-macos-x86_64 0.93 1.00 20.00 21.00 OK
r-oldrel-windows-x86_64 0.93 2.00 48.00 50.00 OK

Check Details

Version: 0.93
Check: CRAN incoming feasibility
Result: NOTE Maintainer: ‘Antony Unwin<unwin@math.uni-augsburg.de>’ No Authors@R field in DESCRIPTION. Please add one, modifying Authors@R: person(given = "Antony", family = "Unwin", role = c("aut", "cre"), email = "unwin@math.uni-augsburg.de") as necessary. Flavors: r-devel-linux-x86_64-debian-clang, r-devel-linux-x86_64-debian-gcc