Last updated on 2025-10-26 05:49:58 CET.
| Flavor | Version | Tinstall | Tcheck | Ttotal | Status | Flags |
|---|---|---|---|---|---|---|
| r-devel-linux-x86_64-debian-clang | 1.0.0 | 4.22 | 42.60 | 46.82 | NOTE | |
| r-devel-linux-x86_64-debian-gcc | 1.0.0 | 2.01 | 31.85 | 33.86 | NOTE | |
| r-devel-linux-x86_64-fedora-clang | 1.0.0 | 65.63 | OK | |||
| r-devel-linux-x86_64-fedora-gcc | 1.0.0 | 10.00 | 70.49 | 80.49 | OK | |
| r-devel-windows-x86_64 | 1.0.0 | 6.00 | 59.00 | 65.00 | OK | |
| r-patched-linux-x86_64 | 1.0.0 | 3.38 | 38.49 | 41.87 | OK | |
| r-release-linux-x86_64 | 1.0.0 | 3.19 | 38.41 | 41.60 | OK | |
| r-release-macos-arm64 | 1.0.0 | 3.00 | 37.00 | 40.00 | OK | |
| r-release-macos-x86_64 | 1.0.0 | 3.00 | 52.00 | 55.00 | OK | |
| r-release-windows-x86_64 | 1.0.0 | 6.00 | 71.00 | 77.00 | OK | |
| r-oldrel-macos-arm64 | 1.0.0 | 2.00 | 27.00 | 29.00 | OK | |
| r-oldrel-macos-x86_64 | 1.0.0 | 5.00 | 51.00 | 56.00 | OK | |
| r-oldrel-windows-x86_64 | 1.0.0 | 8.00 | 68.00 | 76.00 | OK |
Version: 1.0.0
Check: CRAN incoming feasibility
Result: NOTE
Maintainer: ‘Andrew Tamalunas <atamalu@g.clemson.edu>’
No Authors@R field in DESCRIPTION.
Please add one, modifying
Authors@R: person(given = "Andrew",
family = "Tamalunas",
role = c("aut", "cre"),
email = "atamalu@g.clemson.edu")
as necessary.
Flavors: r-devel-linux-x86_64-debian-clang, r-devel-linux-x86_64-debian-gcc