Last updated on 2025-10-25 09:49:31 CEST.
| Flavor | Version | Tinstall | Tcheck | Ttotal | Status | Flags |
|---|---|---|---|---|---|---|
| r-devel-linux-x86_64-debian-clang | 1.2.2 | 13.84 | 47.34 | 61.18 | NOTE | |
| r-devel-linux-x86_64-debian-gcc | 1.2.2 | 9.47 | 35.32 | 44.79 | NOTE | |
| r-devel-linux-x86_64-fedora-clang | 1.2.2 | 29.00 | 61.72 | 90.72 | NOTE | |
| r-devel-linux-x86_64-fedora-gcc | 1.2.2 | 32.00 | 56.64 | 88.64 | NOTE | |
| r-devel-windows-x86_64 | 1.2.2 | 15.00 | 94.00 | 109.00 | OK | |
| r-patched-linux-x86_64 | 1.2.2 | 14.76 | 45.25 | 60.01 | OK | |
| r-release-linux-x86_64 | 1.2.2 | 13.97 | 45.51 | 59.48 | OK | |
| r-release-macos-arm64 | 1.2.2 | 7.00 | 25.00 | 32.00 | OK | |
| r-release-macos-x86_64 | 1.2.2 | 13.00 | 56.00 | 69.00 | OK | |
| r-release-windows-x86_64 | 1.2.2 | 16.00 | 92.00 | 108.00 | OK | |
| r-oldrel-macos-arm64 | 1.2.2 | 7.00 | 23.00 | 30.00 | OK | |
| r-oldrel-macos-x86_64 | 1.2.2 | 13.00 | 42.00 | 55.00 | OK | |
| r-oldrel-windows-x86_64 | 1.2.2 | 15.00 | 104.00 | 119.00 | OK |
Version: 1.2.2
Check: CRAN incoming feasibility
Result: NOTE
Maintainer: ‘Kevin Jakob <Kevin.Jakob.Research@gmail.com>’
No Authors@R field in DESCRIPTION.
Please add one, modifying
Authors@R: person(given = "Kevin",
family = "Jakob",
role = c("aut", "cre"),
email = "kevin.jakob.research@gmail.com")
as necessary.
Flavors: r-devel-linux-x86_64-debian-clang, r-devel-linux-x86_64-debian-gcc
Version: 1.2.2
Check: compiled code
Result: NOTE
File ‘GCPM/libs/GCPM.so’:
Found no calls to: ‘R_registerRoutines’, ‘R_useDynamicSymbols’
It is good practice to register native routines and to disable symbol
search.
See ‘Writing portable packages’ in the ‘Writing R Extensions’ manual.
Flavors: r-devel-linux-x86_64-fedora-clang, r-devel-linux-x86_64-fedora-gcc