Last updated on 2025-10-26 21:51:02 CET.
| Flavor | Version | Tinstall | Tcheck | Ttotal | Status | Flags |
|---|---|---|---|---|---|---|
| r-devel-linux-x86_64-debian-clang | 1.0 | 2.62 | 38.67 | 41.29 | NOTE | |
| r-devel-linux-x86_64-debian-gcc | 1.0 | 2.03 | 26.00 | 28.03 | NOTE | |
| r-devel-linux-x86_64-fedora-clang | 1.0 | 59.38 | OK | |||
| r-devel-linux-x86_64-fedora-gcc | 1.0 | 57.32 | OK | |||
| r-devel-windows-x86_64 | 1.0 | 3.00 | 51.00 | 54.00 | OK | |
| r-patched-linux-x86_64 | 1.0 | 2.07 | 36.05 | 38.12 | OK | |
| r-release-linux-x86_64 | 1.0 | 2.20 | 36.67 | 38.87 | OK | |
| r-release-macos-arm64 | 1.0 | 2.00 | 19.00 | 21.00 | OK | |
| r-release-macos-x86_64 | 1.0 | 2.00 | 45.00 | 47.00 | OK | |
| r-release-windows-x86_64 | 1.0 | 4.00 | 53.00 | 57.00 | OK | |
| r-oldrel-macos-arm64 | 1.0 | 1.00 | 18.00 | 19.00 | OK | |
| r-oldrel-macos-x86_64 | 1.0 | 2.00 | 31.00 | 33.00 | OK | |
| r-oldrel-windows-x86_64 | 1.0 | 4.00 | 52.00 | 56.00 | OK |
Version: 1.0
Check: CRAN incoming feasibility
Result: NOTE
Maintainer: ‘Farimah Houshmand Nanehkaran <hoshmandcomputer@gmail.com>’
No Authors@R field in DESCRIPTION.
Please add one, modifying
Authors@R: c(person(given = c("Farimah", "Houshmand"),
family = "Nanehkaran",
role = c("aut", "cre"),
email = "hoshmandcomputer@gmail.com"),
person(given = c("Seyed", "Mohammad", "Reza"),
family = "Lajevardi",
role = "aut",
email = "R.Lajevardi@iaukashan.ac.ir"),
person(given = c("Mahmoud", "Mahlouji"),
family = "Bidgholi",
role = "aut",
email = "m.mahlouji@iaukashan.ac.ir"))
as necessary.
Flavors: r-devel-linux-x86_64-debian-clang, r-devel-linux-x86_64-debian-gcc