Last updated on 2025-10-25 17:48:37 CEST.
| Flavor | Version | Tinstall | Tcheck | Ttotal | Status | Flags |
|---|---|---|---|---|---|---|
| r-devel-linux-x86_64-debian-clang | 0.9.5 | 5.89 | 34.47 | 40.36 | OK | |
| r-devel-linux-x86_64-debian-gcc | 0.9.5 | 4.16 | 27.51 | 31.67 | OK | |
| r-devel-linux-x86_64-fedora-clang | 0.9.5 | 13.00 | 47.09 | 60.09 | OK | |
| r-devel-linux-x86_64-fedora-gcc | 0.9.5 | 13.00 | 76.80 | 89.80 | OK | |
| r-devel-windows-x86_64 | 0.9.5 | 6.00 | 58.00 | 64.00 | OK | |
| r-patched-linux-x86_64 | 0.9.5 | 6.83 | 32.44 | 39.27 | OK | |
| r-release-linux-x86_64 | 0.9.5 | 5.48 | 32.80 | 38.28 | OK | |
| r-release-macos-arm64 | 0.9.5 | 2.00 | 30.00 | 32.00 | OK | |
| r-release-macos-x86_64 | 0.9.5 | 6.00 | 51.00 | 57.00 | OK | |
| r-release-windows-x86_64 | 0.9.5 | 7.00 | 60.00 | 67.00 | OK | |
| r-oldrel-macos-arm64 | 0.9.5 | 2.00 | 27.00 | 29.00 | NOTE | |
| r-oldrel-macos-x86_64 | 0.9.5 | 4.00 | 41.00 | 45.00 | NOTE | |
| r-oldrel-windows-x86_64 | 0.9.5 | 10.00 | 66.00 | 76.00 | NOTE |
Version: 0.9.5
Check: LazyData
Result: NOTE
'LazyData' is specified without a 'data' directory
Flavors: r-oldrel-macos-arm64, r-oldrel-macos-x86_64, r-oldrel-windows-x86_64