Last updated on 2025-07-08 17:49:44 CEST.
Flavor | Version | Tinstall | Tcheck | Ttotal | Status | Flags |
---|---|---|---|---|---|---|
r-devel-linux-x86_64-debian-clang | 1.0.0 | 5.43 | 52.05 | 57.48 | OK | |
r-devel-linux-x86_64-debian-gcc | 1.0.0 | 4.83 | 37.54 | 42.37 | OK | |
r-devel-linux-x86_64-fedora-clang | 1.0.0 | 92.26 | NOTE | |||
r-devel-linux-x86_64-fedora-gcc | 1.0.0 | 92.20 | NOTE | |||
r-devel-windows-x86_64 | 1.0.0 | 6.00 | 64.00 | 70.00 | OK | |
r-patched-linux-x86_64 | 1.0.0 | 4.82 | 46.87 | 51.69 | OK | |
r-release-linux-x86_64 | 1.0.0 | 4.58 | 47.00 | 51.58 | OK | |
r-release-macos-arm64 | 1.0.0 | 41.00 | OK | |||
r-release-macos-x86_64 | 1.0.0 | 61.00 | OK | |||
r-release-windows-x86_64 | 1.0.0 | 7.00 | 65.00 | 72.00 | OK | |
r-oldrel-macos-arm64 | 1.0.0 | 30.00 | OK | |||
r-oldrel-macos-x86_64 | 1.0.0 | 48.00 | OK | |||
r-oldrel-windows-x86_64 | 1.0.0 | 9.00 | 79.00 | 88.00 | OK |
Version: 1.0.0
Check: dependencies in R code
Result: NOTE
Namespaces in Imports field not imported from:
‘knitr’ ‘utils’
All declared Imports should be used.
Flavors: r-devel-linux-x86_64-fedora-clang, r-devel-linux-x86_64-fedora-gcc