Last updated on 2025-10-25 17:48:37 CEST.
| Flavor | Version | Tinstall | Tcheck | Ttotal | Status | Flags |
|---|---|---|---|---|---|---|
| r-devel-linux-x86_64-debian-clang | 0.7.2 | 7.72 | 64.65 | 72.37 | OK | |
| r-devel-linux-x86_64-debian-gcc | 0.7.2 | 6.83 | 48.22 | 55.05 | OK | |
| r-devel-linux-x86_64-fedora-clang | 0.7.2 | 33.00 | 85.27 | 118.27 | OK | |
| r-devel-linux-x86_64-fedora-gcc | 0.7.2 | 17.00 | 90.04 | 107.04 | OK | |
| r-devel-windows-x86_64 | 0.7.2 | 8.00 | 73.00 | 81.00 | OK | |
| r-patched-linux-x86_64 | 0.7.2 | 8.58 | 63.54 | 72.12 | OK | |
| r-release-linux-x86_64 | 0.7.2 | 8.18 | 62.41 | 70.59 | OK | |
| r-release-macos-arm64 | 0.7.2 | 5.00 | 34.00 | 39.00 | OK | |
| r-release-macos-x86_64 | 0.7.2 | 9.00 | 57.00 | 66.00 | OK | |
| r-release-windows-x86_64 | 0.7.2 | 9.00 | 76.00 | 85.00 | OK | |
| r-oldrel-macos-arm64 | 0.7.2 | 4.00 | 31.00 | 35.00 | NOTE | |
| r-oldrel-macos-x86_64 | 0.7.2 | 6.00 | 44.00 | 50.00 | NOTE | |
| r-oldrel-windows-x86_64 | 0.7.2 | 12.00 | 91.00 | 103.00 | NOTE |
Version: 0.7.2
Check: LazyData
Result: NOTE
'LazyData' is specified without a 'data' directory
Flavors: r-oldrel-macos-arm64, r-oldrel-macos-x86_64, r-oldrel-windows-x86_64