Last updated on 2025-10-25 13:48:36 CEST.
| Flavor | Version | Tinstall | Tcheck | Ttotal | Status | Flags |
|---|---|---|---|---|---|---|
| r-devel-linux-x86_64-debian-clang | 0.0.9 | 30.24 | 22.59 | 52.83 | OK | |
| r-devel-linux-x86_64-debian-gcc | 0.0.9 | 22.55 | 21.28 | 43.83 | OK | |
| r-devel-linux-x86_64-fedora-clang | 0.0.9 | 56.00 | 20.80 | 76.80 | OK | |
| r-devel-linux-x86_64-fedora-gcc | 0.0.9 | 104.00 | -13.53 | 90.47 | OK | |
| r-devel-windows-x86_64 | 0.0.9 | 28.00 | 51.00 | 79.00 | OK | |
| r-patched-linux-x86_64 | 0.0.9 | 31.80 | 24.91 | 56.71 | OK | |
| r-release-linux-x86_64 | 0.0.9 | 29.58 | 24.87 | 54.45 | OK | |
| r-release-macos-arm64 | 0.0.9 | 11.00 | 15.00 | 26.00 | OK | |
| r-release-macos-x86_64 | 0.0.9 | 28.00 | 27.00 | 55.00 | OK | |
| r-release-windows-x86_64 | 0.0.9 | 29.00 | 50.00 | 79.00 | OK | |
| r-oldrel-macos-arm64 | 0.0.9 | 13.00 | 16.00 | 29.00 | NOTE | |
| r-oldrel-macos-x86_64 | 0.0.9 | 25.00 | 29.00 | 54.00 | NOTE | |
| r-oldrel-windows-x86_64 | 0.0.9 | 33.00 | 55.00 | 88.00 | OK |
Version: 0.0.9
Check: installed package size
Result: NOTE
installed size is 14.5Mb
sub-directories of 1Mb or more:
libs 14.4Mb
Flavors: r-oldrel-macos-arm64, r-oldrel-macos-x86_64