Last updated on 2025-10-25 21:49:40 CEST.
| Flavor | Version | Tinstall | Tcheck | Ttotal | Status | Flags |
|---|---|---|---|---|---|---|
| r-devel-linux-x86_64-debian-clang | 0.1.0 | 28.00 | 281.92 | 309.92 | NOTE | |
| r-devel-linux-x86_64-debian-gcc | 0.1.0 | 20.71 | 212.76 | 233.47 | NOTE | |
| r-devel-linux-x86_64-fedora-clang | 0.1.0 | 187.00 | 322.00 | 509.00 | NOTE | |
| r-devel-linux-x86_64-fedora-gcc | 0.1.0 | 124.00 | 368.36 | 492.36 | NOTE | |
| r-devel-windows-x86_64 | 0.1.0 | 30.00 | 237.00 | 267.00 | OK | |
| r-patched-linux-x86_64 | 0.1.0 | 24.93 | 271.12 | 296.05 | OK | |
| r-release-linux-x86_64 | 0.1.0 | 26.41 | 267.84 | 294.25 | OK | |
| r-release-macos-arm64 | 0.1.0 | 12.00 | 106.00 | 118.00 | OK | |
| r-release-macos-x86_64 | 0.1.0 | 24.00 | 211.00 | 235.00 | OK | |
| r-release-windows-x86_64 | 0.1.0 | 31.00 | 240.00 | 271.00 | OK | |
| r-oldrel-macos-arm64 | 0.1.0 | 13.00 | 106.00 | 119.00 | OK | |
| r-oldrel-macos-x86_64 | 0.1.0 | 31.00 | 158.00 | 189.00 | OK | |
| r-oldrel-windows-x86_64 | 0.1.0 | 41.00 | 320.00 | 361.00 | OK |
Version: 0.1.0
Check: CRAN incoming feasibility
Result: NOTE
Maintainer: ‘Athanasse Zafirov <zafirov@gmail.com>’
Package CITATION file contains call(s) to old-style personList() or
as.personList(). Please use c() on person objects instead.
Package CITATION file contains call(s) to old-style citEntry(). Please
use bibentry() instead.
Flavors: r-devel-linux-x86_64-debian-clang, r-devel-linux-x86_64-debian-gcc
Version: 0.1.0
Check: dependencies in R code
Result: NOTE
Namespace in Imports field not imported from: ‘MASS’
All declared Imports should be used.
Flavors: r-devel-linux-x86_64-fedora-clang, r-devel-linux-x86_64-fedora-gcc