Last updated on 2025-10-25 13:48:37 CEST.
| Flavor | Version | Tinstall | Tcheck | Ttotal | Status | Flags |
|---|---|---|---|---|---|---|
| r-devel-linux-x86_64-debian-clang | 0.5.0 | 97.02 | 1146.85 | 1243.87 | OK | |
| r-devel-linux-x86_64-debian-gcc | 0.5.0 | 66.59 | 598.32 | 664.91 | OK | |
| r-devel-linux-x86_64-fedora-clang | 0.5.0 | 588.00 | 984.55 | 1572.55 | OK | |
| r-devel-linux-x86_64-fedora-gcc | 0.5.0 | 356.00 | 1085.70 | 1441.70 | OK | |
| r-devel-windows-x86_64 | 0.5.0 | 92.00 | 674.00 | 766.00 | OK | |
| r-patched-linux-x86_64 | 0.5.0 | 89.88 | 802.78 | 892.66 | OK | |
| r-release-linux-x86_64 | 0.5.0 | 87.18 | 813.11 | 900.29 | OK | |
| r-release-macos-arm64 | 0.5.0 | 39.00 | 297.00 | 336.00 | OK | |
| r-release-macos-x86_64 | 0.5.0 | 71.00 | 572.00 | 643.00 | OK | |
| r-release-windows-x86_64 | 0.5.0 | 91.00 | 688.00 | 779.00 | OK | |
| r-oldrel-macos-arm64 | 0.5.0 | 38.00 | 304.00 | 342.00 | NOTE | |
| r-oldrel-macos-x86_64 | 0.5.0 | 68.00 | 618.00 | 686.00 | NOTE | |
| r-oldrel-windows-x86_64 | 0.5.0 | 116.00 | 951.00 | 1067.00 | NOTE |
Version: 0.5.0
Check: installed package size
Result: NOTE
installed size is 10.2Mb
sub-directories of 1Mb or more:
R 1.7Mb
doc 1.3Mb
libs 6.3Mb
Flavors: r-oldrel-macos-arm64, r-oldrel-macos-x86_64, r-oldrel-windows-x86_64