Last updated on 2025-10-26 09:49:55 CET.
| Flavor | Version | Tinstall | Tcheck | Ttotal | Status | Flags |
|---|---|---|---|---|---|---|
| r-devel-linux-x86_64-debian-clang | 3.3 | 4.88 | 36.54 | 41.42 | OK | |
| r-devel-linux-x86_64-debian-gcc | 3.3 | 2.88 | 25.75 | 28.63 | OK | |
| r-devel-linux-x86_64-fedora-clang | 3.3 | 66.13 | OK | |||
| r-devel-linux-x86_64-fedora-gcc | 3.3 | 12.00 | 50.75 | 62.75 | OK | |
| r-devel-windows-x86_64 | 3.3 | 8.00 | 51.00 | 59.00 | OK | |
| r-patched-linux-x86_64 | 3.3 | 4.50 | 34.61 | 39.11 | OK | |
| r-release-linux-x86_64 | 3.3 | 4.82 | 34.72 | 39.54 | OK | |
| r-release-macos-arm64 | 3.3 | 2.00 | 21.00 | 23.00 | OK | |
| r-release-macos-x86_64 | 3.3 | 4.00 | 33.00 | 37.00 | OK | |
| r-release-windows-x86_64 | 3.3 | 7.00 | 50.00 | 57.00 | OK | |
| r-oldrel-macos-arm64 | 3.3 | 2.00 | 24.00 | 26.00 | NOTE | |
| r-oldrel-macos-x86_64 | 3.3 | 7.00 | 69.00 | 76.00 | NOTE | |
| r-oldrel-windows-x86_64 | 3.3 | 12.00 | 54.00 | 66.00 | NOTE |
Version: 3.3
Check: package dependencies
Result: NOTE
Package suggested but not available for checking: ‘ExactData’
Flavors: r-oldrel-macos-arm64, r-oldrel-macos-x86_64, r-oldrel-windows-x86_64