Last updated on 2025-10-26 13:49:55 CET.
| Flavor | Version | Tinstall | Tcheck | Ttotal | Status | Flags |
|---|---|---|---|---|---|---|
| r-devel-linux-x86_64-debian-clang | 0.3.5 | 10.08 | 315.08 | 325.16 | OK | |
| r-devel-linux-x86_64-debian-gcc | 0.3.5 | 7.25 | 226.34 | 233.59 | OK | |
| r-devel-linux-x86_64-fedora-clang | 0.3.5 | 69.00 | 375.94 | 444.94 | OK | |
| r-devel-linux-x86_64-fedora-gcc | 0.3.5 | 60.00 | 467.44 | 527.44 | OK | |
| r-devel-windows-x86_64 | 0.3.5 | 15.00 | 242.00 | 257.00 | OK | |
| r-patched-linux-x86_64 | 0.3.5 | 10.13 | 299.15 | 309.28 | OK | |
| r-release-linux-x86_64 | 0.3.5 | 8.38 | 300.36 | 308.74 | OK | |
| r-release-macos-arm64 | 0.3.5 | 5.00 | 172.00 | 177.00 | OK | |
| r-release-macos-x86_64 | 0.3.5 | 8.00 | 223.00 | 231.00 | OK | |
| r-release-windows-x86_64 | 0.3.5 | 16.00 | 248.00 | 264.00 | OK | |
| r-oldrel-macos-arm64 | 0.3.5 | 4.00 | 115.00 | 119.00 | NOTE | |
| r-oldrel-macos-x86_64 | 0.3.5 | 8.00 | 241.00 | 249.00 | NOTE | |
| r-oldrel-windows-x86_64 | 0.3.5 | 18.00 | 320.00 | 338.00 | NOTE |
Version: 0.3.5
Check: installed package size
Result: NOTE
installed size is 12.3Mb
sub-directories of 1Mb or more:
data 2.5Mb
doc 1.6Mb
extdata 7.9Mb
Flavors: r-oldrel-macos-arm64, r-oldrel-macos-x86_64, r-oldrel-windows-x86_64