Last updated on 2025-10-25 17:48:36 CEST.
| Flavor | Version | Tinstall | Tcheck | Ttotal | Status | Flags |
|---|---|---|---|---|---|---|
| r-devel-linux-x86_64-debian-clang | 0.1.6 | 3.15 | 40.81 | 43.96 | NOTE | |
| r-devel-linux-x86_64-debian-gcc | 0.1.6 | 2.90 | 31.24 | 34.14 | NOTE | |
| r-devel-linux-x86_64-fedora-clang | 0.1.6 | 65.34 | OK | |||
| r-devel-linux-x86_64-fedora-gcc | 0.1.6 | 76.82 | OK | |||
| r-devel-windows-x86_64 | 0.1.6 | 6.00 | 60.00 | 66.00 | OK | |
| r-patched-linux-x86_64 | 0.1.6 | 4.26 | 38.74 | 43.00 | NOTE | |
| r-release-linux-x86_64 | 0.1.6 | 3.90 | 38.67 | 42.57 | NOTE | |
| r-release-macos-arm64 | 0.1.6 | 2.00 | 39.00 | 41.00 | OK | |
| r-release-macos-x86_64 | 0.1.6 | 3.00 | 63.00 | 66.00 | OK | |
| r-release-windows-x86_64 | 0.1.6 | 6.00 | 64.00 | 70.00 | OK | |
| r-oldrel-macos-arm64 | 0.1.6 | 2.00 | 27.00 | 29.00 | OK | |
| r-oldrel-macos-x86_64 | 0.1.6 | 3.00 | 39.00 | 42.00 | OK | |
| r-oldrel-windows-x86_64 | 0.1.6 | 7.00 | 78.00 | 85.00 | OK |
Version: 0.1.6
Check: for unstated dependencies in ‘demo’
Result: NOTE
'library' or 'require' call not declared from: ‘ggplot2’
Flavors: r-devel-linux-x86_64-debian-clang, r-devel-linux-x86_64-debian-gcc, r-patched-linux-x86_64, r-release-linux-x86_64