Last updated on 2025-11-26 17:49:52 CET.
| Flavor | Version | Tinstall | Tcheck | Ttotal | Status | Flags |
|---|---|---|---|---|---|---|
| r-devel-linux-x86_64-debian-clang | 1.6 | 8.24 | 65.17 | 73.41 | NOTE | |
| r-devel-linux-x86_64-debian-gcc | 1.6 | 5.24 | 47.16 | 52.40 | NOTE | |
| r-devel-linux-x86_64-fedora-clang | 1.6 | 38.00 | 80.82 | 118.82 | OK | |
| r-devel-linux-x86_64-fedora-gcc | 1.6 | 37.00 | 78.75 | 115.75 | OK | |
| r-devel-windows-x86_64 | 1.6 | 21.00 | 73.00 | 94.00 | OK | |
| r-patched-linux-x86_64 | 1.6 | 8.11 | 61.11 | 69.22 | OK | |
| r-release-linux-x86_64 | 1.6 | 7.58 | 61.08 | 68.66 | OK | |
| r-release-macos-arm64 | 1.6 | OK | ||||
| r-release-macos-x86_64 | 1.6 | 6.00 | 43.00 | 49.00 | OK | |
| r-release-windows-x86_64 | 1.6 | 9.00 | 88.00 | 97.00 | OK | |
| r-oldrel-macos-arm64 | 1.6 | OK | ||||
| r-oldrel-macos-x86_64 | 1.6 | 6.00 | 39.00 | 45.00 | OK | |
| r-oldrel-windows-x86_64 | 1.6 | 13.00 | 93.00 | 106.00 | OK |
Version: 1.6
Check: CRAN incoming feasibility
Result: NOTE
Maintainer: ‘Cengiz Zopluoglu <cen.zop@gmail.com>’
No Authors@R field in DESCRIPTION.
Please add one, modifying
Authors@R: person(given = "Cengiz",
family = "Zopluoglu",
role = c("aut", "cre"),
email = "cen.zop@gmail.com")
as necessary.
Flavors: r-devel-linux-x86_64-debian-clang, r-devel-linux-x86_64-debian-gcc