CRAN Package Check Results for Package EffectStars2

Last updated on 2025-07-18 09:51:05 CEST.

Flavor Version Tinstall Tcheck Ttotal Status Flags
r-devel-linux-x86_64-debian-clang 0.1-3 3.40 33.58 36.98 NOTE
r-devel-linux-x86_64-debian-gcc 0.1-3 2.70 26.27 28.97 NOTE
r-devel-linux-x86_64-fedora-clang 0.1-3 58.67 OK
r-devel-linux-x86_64-fedora-gcc 0.1-3 55.83 OK
r-devel-windows-x86_64 0.1-3 5.00 54.00 59.00 OK
r-patched-linux-x86_64 0.1-3 3.69 32.47 36.16 OK
r-release-linux-x86_64 0.1-3 2.68 31.98 34.66 OK
r-release-macos-arm64 0.1-3 22.00 OK
r-release-macos-x86_64 0.1-3 35.00 OK
r-release-windows-x86_64 0.1-3 5.00 54.00 59.00 OK
r-oldrel-macos-arm64 0.1-3 20.00 OK
r-oldrel-macos-x86_64 0.1-3 30.00 OK
r-oldrel-windows-x86_64 0.1-3 6.00 60.00 66.00 OK

Check Details

Version: 0.1-3
Check: CRAN incoming feasibility
Result: NOTE Maintainer: ‘Gunther Schauberger <gunther.schauberger@tum.de>’ No Authors@R field in DESCRIPTION. Please add one, modifying Authors@R: person(given = "Gunther", family = "Schauberger", role = c("aut", "cre"), email = "gunther.schauberger@tum.de") as necessary. Flavors: r-devel-linux-x86_64-debian-clang, r-devel-linux-x86_64-debian-gcc