Last updated on 2025-10-25 13:48:35 CEST.
| Flavor | Version | Tinstall | Tcheck | Ttotal | Status | Flags |
|---|---|---|---|---|---|---|
| r-devel-linux-x86_64-debian-clang | 1.9-1 | 7.10 | 51.45 | 58.55 | NOTE | |
| r-devel-linux-x86_64-debian-gcc | 1.9-1 | 5.13 | 37.08 | 42.21 | NOTE | |
| r-devel-linux-x86_64-fedora-clang | 1.9-1 | 15.00 | 73.13 | 88.13 | OK | |
| r-devel-linux-x86_64-fedora-gcc | 1.9-1 | 15.00 | 70.35 | 85.35 | OK | |
| r-devel-windows-x86_64 | 1.9-1 | 8.00 | 62.00 | 70.00 | OK | |
| r-patched-linux-x86_64 | 1.9-1 | 6.90 | 48.63 | 55.53 | OK | |
| r-release-linux-x86_64 | 1.9-1 | 7.58 | 48.55 | 56.13 | OK | |
| r-release-macos-arm64 | 1.9-1 | 3.00 | 25.00 | 28.00 | OK | |
| r-release-macos-x86_64 | 1.9-1 | 7.00 | 43.00 | 50.00 | OK | |
| r-release-windows-x86_64 | 1.9-1 | 8.00 | 66.00 | 74.00 | OK | |
| r-oldrel-macos-arm64 | 1.9-1 | 3.00 | 24.00 | 27.00 | OK | |
| r-oldrel-macos-x86_64 | 1.9-1 | 5.00 | 36.00 | 41.00 | OK | |
| r-oldrel-windows-x86_64 | 1.9-1 | 8.00 | 81.00 | 89.00 | OK |
Version: 1.9-1
Check: CRAN incoming feasibility
Result: NOTE
Maintainer: ‘Gunther Schauberger <gunther.schauberger@tum.de>’
No Authors@R field in DESCRIPTION.
Please add one, modifying
Authors@R: person(given = "Gunther",
family = "Schauberger",
role = c("aut", "cre"),
email = "gunther.schauberger@tum.de")
as necessary.
Flavors: r-devel-linux-x86_64-debian-clang, r-devel-linux-x86_64-debian-gcc